Last updated on 2022-07-01 01:49:39 CEST.
Flavor | Version | Tinstall | Tcheck | Ttotal | Status | Flags |
---|---|---|---|---|---|---|
r-devel-linux-x86_64-debian-clang | 1.2.0 | 139.88 | 29.03 | 168.91 | OK | |
r-devel-linux-x86_64-debian-gcc | 1.2.0 | 131.39 | 23.19 | 154.58 | OK | |
r-devel-linux-x86_64-fedora-clang | 1.2.0 | 311.16 | NOTE | |||
r-devel-linux-x86_64-fedora-gcc | 1.2.0 | 257.25 | OK | |||
r-devel-windows-x86_64 | 1.2.0 | 166.00 | 88.00 | 254.00 | OK | |
r-patched-linux-x86_64 | 1.2.0 | 124.03 | 28.74 | 152.77 | OK | |
r-release-linux-x86_64 | 1.2.0 | 128.08 | 28.99 | 157.07 | OK | |
r-release-macos-arm64 | 1.2.0 | 68.00 | NOTE | |||
r-release-macos-x86_64 | 1.2.0 | 91.00 | NOTE | |||
r-release-windows-x86_64 | 1.2.0 | 150.00 | 88.00 | 238.00 | OK | |
r-oldrel-macos-arm64 | 1.2.0 | 62.00 | NOTE | |||
r-oldrel-macos-x86_64 | 1.2.0 | 97.00 | NOTE | |||
r-oldrel-windows-ix86+x86_64 | 1.2.0 | 372.00 | 91.00 | 463.00 | NOTE |
Version: 1.2.0
Check: installed package size
Result: NOTE
installed size is 9.3Mb
sub-directories of 1Mb or more:
libs 9.2Mb
Flavors: r-devel-linux-x86_64-fedora-clang, r-release-macos-arm64, r-release-macos-x86_64, r-oldrel-macos-arm64, r-oldrel-macos-x86_64, r-oldrel-windows-ix86+x86_64