CRAN Package Check Results for Package qqplotr

Last updated on 2020-06-03 01:50:55 CEST.

Flavor Version Tinstall Tcheck Ttotal Status Flags
r-devel-linux-x86_64-debian-clang 0.0.4 6.20 57.79 63.99 OK
r-devel-linux-x86_64-debian-gcc 0.0.4 5.70 43.80 49.50 OK
r-devel-linux-x86_64-fedora-clang 0.0.4 84.91 NOTE
r-devel-linux-x86_64-fedora-gcc 0.0.4 80.37 NOTE
r-devel-windows-ix86+x86_64 0.0.4 19.00 81.00 100.00 OK
r-patched-linux-x86_64 0.0.4 6.80 56.14 62.94 OK
r-patched-solaris-x86 0.0.4 119.90 NOTE
r-release-linux-x86_64 0.0.4 6.33 56.52 62.85 OK
r-release-osx-x86_64 0.0.4 NOTE
r-release-windows-ix86+x86_64 0.0.4 13.00 67.00 80.00 OK
r-oldrel-osx-x86_64 0.0.4 NOTE
r-oldrel-windows-ix86+x86_64 0.0.4 13.00 68.00 81.00 OK

Check Details

Version: 0.0.4
Check: dependencies in R code
Result: NOTE
    Namespace in Imports field not imported from: ‘knitr’
     All declared Imports should be used.
Flavors: r-devel-linux-x86_64-fedora-clang, r-devel-linux-x86_64-fedora-gcc, r-patched-solaris-x86, r-release-osx-x86_64, r-oldrel-osx-x86_64