Last updated on 2021-04-11 01:49:56 CEST.
Flavor | Version | Tinstall | Tcheck | Ttotal | Status | Flags |
---|---|---|---|---|---|---|
r-devel-linux-x86_64-debian-clang | 2.1 | 13.63 | 95.19 | 108.82 | OK | |
r-devel-linux-x86_64-debian-gcc | 2.1 | 10.43 | 73.55 | 83.98 | OK | |
r-devel-linux-x86_64-fedora-clang | 2.1 | 143.64 | NOTE | |||
r-devel-linux-x86_64-fedora-gcc | 2.1 | 110.09 | OK | |||
r-devel-windows-ix86+x86_64 | 2.1 | 17.00 | 82.00 | 99.00 | OK | |
r-devel-windows-x86_64-gcc10-UCRT | 2.1 | OK | ||||
r-patched-linux-x86_64 | 2.1 | 10.80 | 89.00 | 99.80 | OK | |
r-patched-solaris-x86 | 2.1 | 211.60 | OK | |||
r-release-linux-x86_64 | 2.1 | 12.49 | 88.18 | 100.67 | OK | |
r-release-macos-x86_64 | 2.1 | OK | ||||
r-release-windows-ix86+x86_64 | 2.1 | 18.00 | 109.00 | 127.00 | OK | |
r-oldrel-macos-x86_64 | 2.1 | WARN | ||||
r-oldrel-windows-ix86+x86_64 | 2.1 | 19.00 | 82.00 | 101.00 | OK |
Version: 2.1
Check: Rd cross-references
Result: NOTE
Undeclared package ‘qrNLMM’ in Rd xrefs
Flavor: r-devel-linux-x86_64-fedora-clang
Version: 2.1
Check: dependencies in R code
Result: NOTE
No protocol specified
No protocol specified
Flavor: r-oldrel-macos-x86_64
Version: 2.1
Check: S3 generic/method consistency
Result: WARN
No protocol specified
No protocol specified
See section ‘Generic functions and methods’ in the ‘Writing R
Extensions’ manual.
Flavor: r-oldrel-macos-x86_64
Version: 2.1
Check: replacement functions
Result: WARN
No protocol specified
No protocol specified
The argument of a replacement function which corresponds to the right
hand side must be named ‘value’.
Flavor: r-oldrel-macos-x86_64
Version: 2.1
Check: foreign function calls
Result: NOTE
No protocol specified
No protocol specified
See chapter ‘System and foreign language interfaces’ in the ‘Writing R
Extensions’ manual.
Flavor: r-oldrel-macos-x86_64
Version: 2.1
Check: R code for possible problems
Result: NOTE
No protocol specified
No protocol specified
Flavor: r-oldrel-macos-x86_64
Version: 2.1
Check: for missing documentation entries
Result: WARN
No protocol specified
No protocol specified
All user-level objects in a package should have documentation entries.
See chapter ‘Writing R documentation files’ in the ‘Writing R
Extensions’ manual.
Flavor: r-oldrel-macos-x86_64
Version: 2.1
Check: for code/documentation mismatches
Result: WARN
No protocol specified
No protocol specified
No protocol specified
No protocol specified
No protocol specified
No protocol specified
Flavor: r-oldrel-macos-x86_64
Version: 2.1
Check: Rd \usage sections
Result: NOTE
No protocol specified
No protocol specified
The \usage entries for S3 methods should use the \method markup and not
their full name.
See chapter ‘Writing R documentation files’ in the ‘Writing R
Extensions’ manual.
Flavor: r-oldrel-macos-x86_64