CRAN Package Check Results for Package qrLMM

Last updated on 2025-06-19 08:48:31 CEST.

Flavor Version Tinstall Tcheck Ttotal Status Flags
r-devel-linux-x86_64-debian-clang 2.3 10.87 84.70 95.57 NOTE
r-devel-linux-x86_64-debian-gcc 2.3 9.45 73.67 83.12 NOTE
r-devel-linux-x86_64-fedora-clang 2.3 156.53 OK
r-devel-linux-x86_64-fedora-gcc 2.3 142.42 OK
r-devel-windows-x86_64 2.3 10.00 90.00 100.00 OK
r-patched-linux-x86_64 2.3 11.45 85.33 96.78 OK
r-release-linux-x86_64 2.3 11.63 85.79 97.42 OK
r-release-macos-arm64 2.3 109.00 OK
r-release-macos-x86_64 2.3 146.00 OK
r-release-windows-x86_64 2.3 11.00 98.00 109.00 OK
r-oldrel-macos-arm64 2.3 84.00 OK
r-oldrel-macos-x86_64 2.3 99.00 OK
r-oldrel-windows-x86_64 2.3 13.00 97.00 110.00 OK

Check Details

Version: 2.3
Check: CRAN incoming feasibility
Result: NOTE Maintainer: ‘Christian E. Galarza <[email protected]>’ No Authors@R field in DESCRIPTION. Please add one, modifying Authors@R: c(person(given = c("Christian", "E."), family = "Galarza", role = c("aut", "cre"), email = "[email protected]"), person(given = c("Victor", "H."), family = "Lachos", role = "aut", email = "[email protected]")) as necessary. Flavors: r-devel-linux-x86_64-debian-clang, r-devel-linux-x86_64-debian-gcc