CRAN Package Check Results for Package qrNLMM

Last updated on 2021-04-19 02:46:58 CEST.

Flavor Version Tinstall Tcheck Ttotal Status Flags
r-devel-linux-x86_64-debian-clang 2.0 10.15 93.54 103.69 OK
r-devel-linux-x86_64-debian-gcc 2.0 8.88 73.64 82.52 OK
r-devel-linux-x86_64-fedora-clang 2.0 139.62 OK
r-devel-linux-x86_64-fedora-gcc 2.0 131.35 OK
r-devel-windows-ix86+x86_64 2.0 25.00 81.00 106.00 OK
r-devel-windows-x86_64-gcc10-UCRT 2.0 OK
r-patched-linux-x86_64 2.0 12.16 88.33 100.49 OK
r-patched-solaris-x86 2.0 204.80 OK
r-release-linux-x86_64 2.0 13.06 88.54 101.60 OK
r-release-macos-x86_64 2.0 OK
r-release-windows-ix86+x86_64 2.0 25.00 115.00 140.00 OK
r-oldrel-macos-x86_64 2.0 WARN
r-oldrel-windows-ix86+x86_64 2.0 16.00 101.00 117.00 OK

Check Details

Version: 2.0
Check: dependencies in R code
Result: NOTE
    No protocol specified
    No protocol specified
Flavor: r-oldrel-macos-x86_64

Version: 2.0
Check: S3 generic/method consistency
Result: WARN
    No protocol specified
    No protocol specified
    See section ‘Generic functions and methods’ in the ‘Writing R
    Extensions’ manual.
Flavor: r-oldrel-macos-x86_64

Version: 2.0
Check: replacement functions
Result: WARN
    No protocol specified
    No protocol specified
    The argument of a replacement function which corresponds to the right
    hand side must be named ‘value’.
Flavor: r-oldrel-macos-x86_64

Version: 2.0
Check: foreign function calls
Result: NOTE
    No protocol specified
    No protocol specified
    See chapter ‘System and foreign language interfaces’ in the ‘Writing R
    Extensions’ manual.
Flavor: r-oldrel-macos-x86_64

Version: 2.0
Check: R code for possible problems
Result: NOTE
    No protocol specified
    No protocol specified
Flavor: r-oldrel-macos-x86_64

Version: 2.0
Check: for missing documentation entries
Result: WARN
    No protocol specified
    No protocol specified
    All user-level objects in a package should have documentation entries.
    See chapter ‘Writing R documentation files’ in the ‘Writing R
    Extensions’ manual.
Flavor: r-oldrel-macos-x86_64

Version: 2.0
Check: for code/documentation mismatches
Result: WARN
    No protocol specified
    No protocol specified
    No protocol specified
    No protocol specified
    No protocol specified
    No protocol specified
Flavor: r-oldrel-macos-x86_64

Version: 2.0
Check: Rd \usage sections
Result: NOTE
    No protocol specified
    No protocol specified
    The \usage entries for S3 methods should use the \method markup and not
    their full name.
    See chapter ‘Writing R documentation files’ in the ‘Writing R
    Extensions’ manual.
Flavor: r-oldrel-macos-x86_64