Last updated on 2023-02-03 00:51:11 CET.
Flavor | Version | Tinstall | Tcheck | Ttotal | Status | Flags |
---|---|---|---|---|---|---|
r-devel-linux-x86_64-debian-clang | 1.0.0 | 88.24 | 118.11 | 206.35 | NOTE | |
r-devel-linux-x86_64-debian-gcc | 1.0.0 | 64.72 | 86.08 | 150.80 | NOTE | |
r-devel-linux-x86_64-fedora-clang | 1.0.0 | 286.22 | NOTE | |||
r-devel-linux-x86_64-fedora-gcc | 1.0.0 | 272.25 | NOTE | |||
r-patched-linux-x86_64 | 1.0.0 | 63.26 | 113.82 | 177.08 | OK | |
r-release-linux-x86_64 | 1.0.0 | 74.49 | 112.03 | 186.52 | OK | |
r-release-macos-arm64 | 1.0.0 | 65.00 | OK | |||
r-release-macos-x86_64 | 1.0.0 | 91.00 | OK | |||
r-release-windows-x86_64 | 1.0.0 | 94.00 | 164.00 | 258.00 | OK | |
r-oldrel-macos-arm64 | 1.0.0 | 60.00 | OK | |||
r-oldrel-macos-x86_64 | 1.0.0 | 90.00 | OK | |||
r-oldrel-windows-ix86+x86_64 | 1.0.0 | 210.00 | 189.00 | 399.00 | OK |
Version: 1.0.0
Check: C++ specification
Result: NOTE
Specified C++11: please update to current default of C++17
Flavors: r-devel-linux-x86_64-debian-clang, r-devel-linux-x86_64-debian-gcc, r-devel-linux-x86_64-fedora-clang, r-devel-linux-x86_64-fedora-gcc