CRAN Package Check Results for Package qrjoint

Last updated on 2020-02-17 00:49:23 CET.

Flavor Version Tinstall Tcheck Ttotal Status Flags
r-devel-linux-x86_64-debian-clang 2.0-3 15.31 115.45 130.76 OK
r-devel-linux-x86_64-debian-gcc 2.0-3 0.32 1.67 1.99 ERROR
r-devel-linux-x86_64-fedora-clang 2.0-3 156.20 OK
r-devel-linux-x86_64-fedora-gcc 2.0-3 158.86 OK
r-devel-windows-ix86+x86_64 2.0-3 31.00 199.00 230.00 OK
r-devel-windows-ix86+x86_64-gcc8 2.0-3 46.00 175.00 221.00 OK
r-patched-linux-x86_64 2.0-3 11.28 103.51 114.79 OK
r-patched-solaris-x86 2.0-3 238.20 OK
r-release-linux-x86_64 2.0-3 11.62 106.93 118.55 OK
r-release-windows-ix86+x86_64 2.0-3 28.00 162.00 190.00 OK
r-release-osx-x86_64 2.0-3 OK
r-oldrel-windows-ix86+x86_64 2.0-3 19.00 210.00 229.00 OK
r-oldrel-osx-x86_64 2.0-3 OK

Check Details

Version: 2.0-3
Check: package dependencies
Result: ERROR
    Package required but not available: ‘quantreg’
    
    See section ‘The DESCRIPTION file’ in the ‘Writing R Extensions’
    manual.
Flavor: r-devel-linux-x86_64-debian-gcc