CRAN Package Check Results for Package qs

Last updated on 2022-12-06 00:51:18 CET.

Flavor Version Tinstall Tcheck Ttotal Status Flags
r-devel-linux-x86_64-debian-clang 0.25.4 38.05 574.47 612.52 OK
r-devel-linux-x86_64-debian-gcc 0.25.4 43.57 433.47 477.04 OK
r-devel-linux-x86_64-fedora-clang 0.25.4 718.66 OK
r-devel-linux-x86_64-fedora-gcc 0.25.4 776.82 OK
r-devel-windows-x86_64 0.25.4 89.00 647.00 736.00 OK
r-patched-linux-x86_64 0.25.4 43.18 539.43 582.61 OK
r-release-linux-x86_64 0.25.4 46.13 540.75 586.88 OK
r-release-macos-arm64 0.25.4 294.00 NOTE
r-release-macos-x86_64 0.25.4 379.00 NOTE
r-release-windows-x86_64 0.25.4 99.00 631.00 730.00 OK
r-oldrel-macos-arm64 0.25.4 262.00 NOTE
r-oldrel-macos-x86_64 0.25.4 357.00 NOTE
r-oldrel-windows-ix86+x86_64 0.25.4 221.00 1194.00 1415.00 NOTE

Check Details

Version: 0.25.4
Check: installed package size
Result: NOTE
     installed size is 12.4Mb
     sub-directories of 1Mb or more:
     doc 1.1Mb
     libs 11.0Mb
Flavors: r-release-macos-arm64, r-release-macos-x86_64, r-oldrel-macos-arm64, r-oldrel-macos-x86_64, r-oldrel-windows-ix86+x86_64