CRAN Package Check Results for Package qs

Last updated on 2020-08-11 01:54:45 CEST.

Flavor Version Tinstall Tcheck Ttotal Status Flags
r-devel-linux-x86_64-debian-clang 0.23.2 67.17 35.35 102.52 OK
r-devel-linux-x86_64-debian-gcc 0.23.2 52.88 27.69 80.57 OK
r-devel-linux-x86_64-fedora-clang 0.23.2 145.61 NOTE
r-devel-linux-x86_64-fedora-gcc 0.23.2 132.14 OK
r-devel-windows-ix86+x86_64 0.23.2 231.00 98.00 329.00 NOTE
r-patched-linux-x86_64 0.23.2 56.62 35.10 91.72 OK
r-patched-solaris-x86 0.23.2 153.70 OK
r-release-linux-x86_64 0.23.2 55.44 35.05 90.49 OK
r-release-macos-x86_64 0.23.2 NOTE
r-release-windows-ix86+x86_64 0.23.2 229.00 78.00 307.00 NOTE
r-oldrel-macos-x86_64 0.23.2 WARN
r-oldrel-windows-ix86+x86_64 0.23.2 171.00 75.00 246.00 NOTE

Check Details

Version: 0.23.2
Check: installed package size
Result: NOTE
     installed size is 8.8Mb
     sub-directories of 1Mb or more:
     doc 1.1Mb
     libs 7.5Mb
Flavors: r-devel-linux-x86_64-fedora-clang, r-devel-windows-ix86+x86_64, r-release-macos-x86_64, r-release-windows-ix86+x86_64, r-oldrel-macos-x86_64, r-oldrel-windows-ix86+x86_64

Version: 0.23.2
Check: for executable files
Result: WARN
    Found the following executable file:
     src/LICENSES/LZ4_LICENSE.txt
    Source packages should not contain undeclared executable files.
    See section ‘Package structure’ in the ‘Writing R Extensions’ manual.
Flavor: r-oldrel-macos-x86_64