CRAN Package Check Results for Package qtl2pleio

Last updated on 2020-05-25 01:49:01 CEST.

Flavor Version Tinstall Tcheck Ttotal Status Flags
r-devel-linux-x86_64-debian-clang 1.2.3 110.72 79.41 190.13 NOTE
r-devel-linux-x86_64-debian-gcc 1.2.3 86.86 60.23 147.09 NOTE
r-devel-linux-x86_64-fedora-clang 1.2.3 271.44 NOTE
r-devel-linux-x86_64-fedora-gcc 1.2.3 252.46 NOTE
r-devel-windows-ix86+x86_64 1.2.3 257.00 197.00 454.00 NOTE
r-patched-linux-x86_64 1.2.3 95.91 79.73 175.64 NOTE
r-patched-solaris-x86 1.2.3 189.30 NOTE
r-release-linux-x86_64 1.2.3 96.62 79.32 175.94 NOTE
r-release-osx-x86_64 1.2.3 NOTE
r-release-windows-ix86+x86_64 1.2.3 218.00 212.00 430.00 NOTE
r-oldrel-osx-x86_64 1.2.3 NOTE
r-oldrel-windows-ix86+x86_64 1.2.3 191.00 193.00 384.00 NOTE

Check Details

Version: 1.2.3
Check: package dependencies
Result: NOTE
    Package suggested but not available for checking: 'qtl2'
Flavors: r-devel-linux-x86_64-debian-clang, r-devel-linux-x86_64-debian-gcc, r-devel-linux-x86_64-fedora-clang, r-devel-linux-x86_64-fedora-gcc, r-devel-windows-ix86+x86_64, r-patched-linux-x86_64, r-patched-solaris-x86, r-release-linux-x86_64, r-release-osx-x86_64, r-release-windows-ix86+x86_64, r-oldrel-osx-x86_64, r-oldrel-windows-ix86+x86_64

Version: 1.2.3
Check: installed package size
Result: NOTE
     installed size is 21.8Mb
     sub-directories of 1Mb or more:
     libs 21.1Mb
Flavors: r-devel-linux-x86_64-fedora-clang, r-release-osx-x86_64, r-oldrel-osx-x86_64

Version: 1.2.3
Check: dependencies in R code
Result: NOTE
    Namespace in Imports field not imported from: ‘stringr’
     All declared Imports should be used.
Flavors: r-devel-linux-x86_64-fedora-clang, r-devel-linux-x86_64-fedora-gcc, r-patched-solaris-x86, r-release-osx-x86_64, r-oldrel-osx-x86_64