CRAN Package Check Results for Package qtlhot

Last updated on 2025-06-14 09:49:29 CEST.

Flavor Version Tinstall Tcheck Ttotal Status Flags
r-devel-linux-x86_64-debian-clang 1.0.4 8.63 63.56 72.19 NOTE
r-devel-linux-x86_64-debian-gcc 1.0.4 6.09 44.09 50.18 NOTE
r-devel-linux-x86_64-fedora-clang 1.0.4 115.43 OK
r-devel-linux-x86_64-fedora-gcc 1.0.4 123.93 OK
r-devel-windows-x86_64 1.0.4 9.00 122.00 131.00 OK
r-patched-linux-x86_64 1.0.4 8.21 60.22 68.43 OK
r-release-linux-x86_64 1.0.4 8.20 60.86 69.06 OK
r-release-macos-arm64 1.0.4 48.00 OK
r-release-macos-x86_64 1.0.4 104.00 OK
r-release-windows-x86_64 1.0.4 11.00 138.00 149.00 OK
r-oldrel-macos-arm64 1.0.4 40.00 OK
r-oldrel-macos-x86_64 1.0.4 82.00 OK
r-oldrel-windows-x86_64 1.0.4 10.00 112.00 122.00 OK

Check Details

Version: 1.0.4
Check: CRAN incoming feasibility
Result: NOTE Maintainer: ‘Brian S. Yandell <[email protected]>’ No Authors@R field in DESCRIPTION. Please add one, modifying Authors@R: c(person(given = c("Elias", "Chaibub"), family = "Neto", role = "aut", email = "[email protected]"), person(given = c("Brian", "S"), family = "Yandell", role = "aut", email = "[email protected]"), person(given = c("Brian", "S."), family = "Yandell", role = "cre", email = "[email protected]")) as necessary. Flavors: r-devel-linux-x86_64-debian-clang, r-devel-linux-x86_64-debian-gcc