Last updated on 2022-06-28 01:51:40 CEST.
Flavor | Version | Tinstall | Tcheck | Ttotal | Status | Flags |
---|---|---|---|---|---|---|
r-devel-linux-x86_64-debian-clang | 0.2.3 | 90.42 | 158.16 | 248.58 | OK | |
r-devel-linux-x86_64-debian-gcc | 0.2.3 | 80.30 | 117.84 | 198.14 | OK | |
r-devel-linux-x86_64-fedora-clang | 0.2.3 | 329.67 | WARN | |||
r-devel-linux-x86_64-fedora-gcc | 0.2.3 | 319.80 | WARN | |||
r-devel-windows-x86_64 | 0.2.3 | 83.00 | 193.00 | 276.00 | OK | |
r-patched-linux-x86_64 | 0.2.3 | 84.41 | 151.47 | 235.88 | OK | |
r-release-linux-x86_64 | 0.2.3 | 81.43 | 148.91 | 230.34 | OK | |
r-release-macos-arm64 | 0.2.3 | 79.00 | NOTE | |||
r-release-macos-x86_64 | 0.2.3 | 130.00 | NOTE | |||
r-release-windows-x86_64 | 0.2.3 | 87.00 | 197.00 | 284.00 | OK | |
r-oldrel-macos-arm64 | 0.2.3 | 83.00 | NOTE | |||
r-oldrel-macos-x86_64 | 0.2.3 | 101.00 | NOTE | |||
r-oldrel-windows-ix86+x86_64 | 0.2.3 | 182.00 | 238.00 | 420.00 | OK |
Version: 0.2.3
Check: package dependencies
Result: WARN
Requires orphaned package: ‘gtools’
Flavors: r-devel-linux-x86_64-fedora-clang, r-devel-linux-x86_64-fedora-gcc
Version: 0.2.3
Check: installed package size
Result: NOTE
installed size is 5.2Mb
sub-directories of 1Mb or more:
libs 4.3Mb
Flavors: r-devel-linux-x86_64-fedora-clang, r-release-macos-arm64, r-release-macos-x86_64, r-oldrel-macos-arm64, r-oldrel-macos-x86_64