CRAN Package Check Results for Package quanteda

Last updated on 2022-01-16 01:07:11 CET.

Flavor Version Tinstall Tcheck Ttotal Status Flags
r-devel-linux-x86_64-debian-clang 3.2.0 216.64 286.20 502.84 OK
r-devel-linux-x86_64-debian-gcc 3.2.0 175.29 217.16 392.45 OK
r-devel-linux-x86_64-fedora-clang 3.2.0 640.88 NOTE
r-devel-linux-x86_64-fedora-gcc 3.2.0 698.89 NOTE
r-devel-windows-x86_64-new-UL 3.2.0 527.00 375.00 902.00 OK
r-devel-windows-x86_64-new-TK 3.2.0 NOTE
r-patched-linux-x86_64 3.2.0 201.20 278.88 480.08 OK
r-release-linux-x86_64 3.2.0 207.49 278.72 486.21 OK
r-release-macos-arm64 3.2.0 NOTE
r-release-macos-x86_64 3.2.0 NOTE
r-release-windows-ix86+x86_64 3.2.0 549.00 542.00 1091.00 NOTE
r-oldrel-macos-x86_64 3.2.0 NOTE
r-oldrel-windows-ix86+x86_64 3.2.0 547.00 557.00 1104.00 NOTE

Check Details

Version: 3.2.0
Check: installed package size
Result: NOTE
     installed size is 10.6Mb
     sub-directories of 1Mb or more:
     libs 7.8Mb
Flavors: r-devel-linux-x86_64-fedora-clang, r-release-macos-arm64, r-release-macos-x86_64, r-release-windows-ix86+x86_64, r-oldrel-macos-x86_64, r-oldrel-windows-ix86+x86_64

Version: 3.2.0
Check: data for non-ASCII characters
Result: NOTE
     Note: found 4 marked UTF-8 strings
Flavors: r-devel-linux-x86_64-fedora-clang, r-devel-linux-x86_64-fedora-gcc, r-devel-windows-x86_64-new-TK, r-release-macos-arm64, r-release-macos-x86_64, r-oldrel-macos-x86_64