CRAN Package Check Results for Package quanteda.textplots

Last updated on 2021-09-21 01:50:28 CEST.

Flavor Version Tinstall Tcheck Ttotal Status Flags
r-devel-linux-x86_64-debian-clang 0.94 26.65 143.39 170.04 NOTE
r-devel-linux-x86_64-debian-gcc 0.94 18.76 106.80 125.56 NOTE
r-devel-linux-x86_64-fedora-clang 0.94 214.15 NOTE
r-devel-linux-x86_64-fedora-gcc 0.94 198.74 NOTE
r-devel-windows-x86_64 0.94 26.00 133.00 159.00 NOTE
r-devel-windows-x86_64-gcc10-UCRT 0.94 ERROR
r-patched-linux-x86_64 0.94 26.47 134.98 161.45 NOTE
r-patched-solaris-x86 0.94 309.40 NOTE
r-release-linux-x86_64 0.94 19.32 134.48 153.80 NOTE
r-release-macos-arm64 0.94 NOTE
r-release-macos-x86_64 0.94 NOTE
r-release-windows-ix86+x86_64 0.94 65.00 210.00 275.00 NOTE
r-oldrel-macos-x86_64 0.94 OK
r-oldrel-windows-ix86+x86_64 0.94 66.00 218.00 284.00 OK

Check Details

Version: 0.94
Check: LazyData
Result: NOTE
     'LazyData' is specified without a 'data' directory
Flavors: r-devel-linux-x86_64-debian-clang, r-devel-linux-x86_64-debian-gcc, r-devel-linux-x86_64-fedora-clang, r-devel-linux-x86_64-fedora-gcc, r-devel-windows-x86_64, r-patched-linux-x86_64, r-patched-solaris-x86, r-release-linux-x86_64, r-release-macos-arm64, r-release-macos-x86_64, r-release-windows-ix86+x86_64

Version: 0.94
Check: whether package can be installed
Result: ERROR
    Installation failed.
Flavor: r-devel-windows-x86_64-gcc10-UCRT