Last updated on 2021-04-20 01:47:16 CEST.
Flavor | Version | Tinstall | Tcheck | Ttotal | Status | Flags |
---|---|---|---|---|---|---|
r-devel-linux-x86_64-debian-clang | 0.94 | 104.83 | 156.72 | 261.55 | OK | |
r-devel-linux-x86_64-debian-gcc | 0.94 | 71.32 | 117.67 | 188.99 | OK | |
r-devel-linux-x86_64-fedora-clang | 0.94 | 342.13 | OK | |||
r-devel-linux-x86_64-fedora-gcc | 0.94 | 323.08 | OK | |||
r-devel-windows-ix86+x86_64 | 0.94 | 237.00 | 241.00 | 478.00 | OK | |
r-devel-windows-x86_64-gcc10-UCRT | 0.94 | OK | ||||
r-patched-linux-x86_64 | 0.94 | 80.09 | 153.08 | 233.17 | OK | |
r-patched-solaris-x86 | 0.94 | 423.90 | OK | |||
r-release-linux-x86_64 | 0.94 | 82.80 | 151.48 | 234.28 | OK | |
r-release-macos-x86_64 | 0.94 | OK | ||||
r-release-windows-ix86+x86_64 | 0.94 | 96.00 | 28.00 | 124.00 | ERROR | |
r-oldrel-macos-x86_64 | 0.94 | OK | ||||
r-oldrel-windows-ix86+x86_64 | 0.94 | 68.00 | 6.00 | 74.00 | ERROR |
Version: 0.94
Check: whether package can be installed
Result: ERROR
Installation failed.
Flavors: r-release-windows-ix86+x86_64, r-oldrel-windows-ix86+x86_64