CRAN Package Check Results for Package quanteda.textstats

Last updated on 2021-08-02 01:50:05 CEST.

Flavor Version Tinstall Tcheck Ttotal Status Flags
r-devel-linux-x86_64-debian-clang 0.94.1 101.56 155.83 257.39 OK
r-devel-linux-x86_64-debian-gcc 0.94.1 67.77 116.51 184.28 OK
r-devel-linux-x86_64-fedora-clang 0.94.1 338.43 OK
r-devel-linux-x86_64-fedora-gcc 0.94.1 319.08 OK
r-devel-windows-x86_64 0.94.1 92.00 199.00 291.00 OK
r-devel-windows-x86_64-gcc10-UCRT 0.94.1 OK
r-patched-linux-x86_64 0.94.1 OK
r-patched-solaris-x86 0.94.1 425.60 OK
r-release-linux-x86_64 0.94.1 79.82 148.30 228.12 OK
r-release-macos-arm64 0.94.1 NOTE
r-release-macos-x86_64 0.94.1 OK
r-release-windows-ix86+x86_64 0.94.1 230.00 301.00 531.00 OK
r-oldrel-macos-x86_64 0.94.1 NOTE
r-oldrel-windows-ix86+x86_64 0.94.1 169.00 309.00 478.00 OK

Check Details

Version: 0.94.1
Check: installed package size
Result: NOTE
     installed size is 5.6Mb
     sub-directories of 1Mb or more:
     libs 5.1Mb
Flavor: r-release-macos-arm64

Version: 0.94.1
Check: whether the namespace can be loaded with stated dependencies
Result: NOTE
    Warning in .recacheSubclasses([email protected], def, env) :
     undefined subclass "numericVector" of class "Mnumeric"; definition not updated
    
    A namespace must be able to be loaded with just the base namespace
    loaded: otherwise if the namespace gets loaded by a saved object, the
    session will be unable to start.
    
    Probably some imports need to be declared in the NAMESPACE file.
Flavor: r-oldrel-macos-x86_64