CRAN Package Check Results for Package quantilogram

Last updated on 2021-06-22 01:49:27 CEST.

Flavor Version Tinstall Tcheck Ttotal Status Flags
r-devel-linux-x86_64-debian-clang 2.1.1 7.83 78.23 86.06 OK
r-devel-linux-x86_64-debian-gcc 2.1.1 7.13 60.92 68.05 OK
r-devel-linux-x86_64-fedora-clang 2.1.1 114.34 NOTE
r-devel-linux-x86_64-fedora-gcc 2.1.1 104.68 NOTE
r-devel-windows-x86_64 2.1.1 13.00 85.00 98.00 OK
r-devel-windows-x86_64-gcc10-UCRT 2.1.1 NOTE
r-patched-linux-x86_64 2.1.1 8.78 75.34 84.12 OK
r-patched-solaris-x86 2.1.1 158.80 NOTE
r-release-linux-x86_64 2.1.1 7.31 75.45 82.76 OK
r-release-macos-arm64 2.1.1 NOTE
r-release-macos-x86_64 2.1.1 NOTE
r-release-windows-ix86+x86_64 2.1.1 20.00 77.00 97.00 OK
r-oldrel-macos-x86_64 2.1.1 NOTE

Check Details

Version: 2.1.1
Check: dependencies in R code
Result: NOTE
    Namespace in Imports field not imported from: ‘SparseM’
     All declared Imports should be used.
Flavors: r-devel-linux-x86_64-fedora-clang, r-devel-linux-x86_64-fedora-gcc, r-devel-windows-x86_64-gcc10-UCRT, r-patched-solaris-x86, r-release-macos-arm64, r-release-macos-x86_64, r-oldrel-macos-x86_64