CRAN Package Check Results for Package quantregForest

Last updated on 2019-10-17 01:49:12 CEST.

Flavor Version Tinstall Tcheck Ttotal Status Flags
r-devel-linux-x86_64-debian-clang 1.3-7 7.36 24.91 32.27 WARN
r-devel-linux-x86_64-debian-gcc 1.3-7 5.07 19.98 25.05 OK
r-devel-linux-x86_64-fedora-clang 1.3-7 41.23 WARN
r-devel-linux-x86_64-fedora-gcc 1.3-7 40.12 OK
r-devel-windows-ix86+x86_64 1.3-7 24.00 43.00 67.00 OK
r-patched-linux-x86_64 1.3-7 5.82 24.89 30.71 OK
r-patched-solaris-x86 1.3-7 55.00 OK
r-release-linux-x86_64 1.3-7 5.08 25.07 30.15 OK
r-release-windows-ix86+x86_64 1.3-7 17.00 59.00 76.00 OK
r-release-osx-x86_64 1.3-7 OK
r-oldrel-windows-ix86+x86_64 1.3-7 15.00 42.00 57.00 OK
r-oldrel-osx-x86_64 1.3-7 OK

Check Details

Version: 1.3-7
Check: whether package can be installed
Result: WARN
    Found the following significant warnings:
     rf.c:454:1: warning: expression result unused [-Wunused-value]
Flavors: r-devel-linux-x86_64-debian-clang, r-devel-linux-x86_64-fedora-clang