CRAN Package Check Results for Package questionr

Last updated on 2020-09-22 02:17:28 CEST.

Flavor Version Tinstall Tcheck Ttotal Status Flags
r-devel-linux-x86_64-debian-clang 0.7.2 8.36 66.81 75.17 OK
r-devel-linux-x86_64-debian-gcc 0.7.2 6.56 52.90 59.46 OK
r-devel-linux-x86_64-fedora-clang 0.7.2 106.41 NOTE
r-devel-linux-x86_64-fedora-gcc 0.7.2 95.50 NOTE
r-devel-windows-ix86+x86_64 0.7.2 20.00 82.00 102.00 OK
r-patched-linux-x86_64 0.7.2 8.80 64.57 73.37 OK
r-patched-solaris-x86 0.7.2 123.00 NOTE
r-release-linux-x86_64 0.7.2 8.15 66.01 74.16 OK
r-release-macos-x86_64 0.7.2 NOTE
r-release-windows-ix86+x86_64 0.7.2 19.00 105.00 124.00 OK
r-oldrel-macos-x86_64 0.7.2 NOTE
r-oldrel-windows-ix86+x86_64 0.7.2 11.00 94.00 105.00 OK

Check Details

Version: 0.7.2
Check: Rd cross-references
Result: NOTE
    Undeclared package ‘Hmisc’ in Rd xrefs
Flavor: r-devel-linux-x86_64-fedora-clang

Version: 0.7.2
Check: data for non-ASCII characters
Result: NOTE
     Note: found 4145 marked UTF-8 strings
Flavors: r-devel-linux-x86_64-fedora-clang, r-devel-linux-x86_64-fedora-gcc, r-patched-solaris-x86, r-release-macos-x86_64, r-oldrel-macos-x86_64