CRAN Package Check Results for Package quickPlot

Last updated on 2022-09-26 01:52:54 CEST.

Flavor Version Tinstall Tcheck Ttotal Status Flags
r-devel-linux-x86_64-debian-clang 0.1.8 45.19 378.38 423.57 NOTE
r-devel-linux-x86_64-debian-gcc 0.1.8 35.34 275.74 311.08 NOTE
r-devel-linux-x86_64-fedora-clang 0.1.8 532.92 NOTE
r-devel-linux-x86_64-fedora-gcc 0.1.8 523.68 NOTE
r-devel-windows-x86_64 0.1.8 85.00 393.00 478.00 NOTE
r-patched-linux-x86_64 0.1.8 42.83 359.73 402.56 NOTE
r-release-linux-x86_64 0.1.8 36.33 357.84 394.17 NOTE
r-release-macos-arm64 0.1.8 120.00 NOTE
r-release-macos-x86_64 0.1.8 162.00 NOTE
r-release-windows-x86_64 0.1.8 86.00 348.00 434.00 NOTE
r-oldrel-macos-arm64 0.1.8 104.00 NOTE
r-oldrel-macos-x86_64 0.1.8 159.00 NOTE
r-oldrel-windows-ix86+x86_64 0.1.8 89.00 361.00 450.00 NOTE

Check Details

Version: 0.1.8
Check: package dependencies
Result: NOTE
    Packages suggested but not available for checking: 'fastshp', 'visualTest'
Flavors: r-devel-linux-x86_64-debian-clang, r-devel-linux-x86_64-debian-gcc, r-devel-linux-x86_64-fedora-clang, r-devel-linux-x86_64-fedora-gcc, r-devel-windows-x86_64, r-patched-linux-x86_64, r-release-linux-x86_64, r-release-macos-arm64, r-release-macos-x86_64, r-release-windows-x86_64, r-oldrel-macos-arm64, r-oldrel-macos-x86_64, r-oldrel-windows-ix86+x86_64