CRAN Package Check Results for Package quickPlot

Last updated on 2020-09-26 02:09:23 CEST.

Flavor Version Tinstall Tcheck Ttotal Status Flags
r-devel-linux-x86_64-debian-clang 0.1.6 21.02 171.32 192.34 NOTE
r-devel-linux-x86_64-debian-gcc 0.1.6 18.12 132.97 151.09 NOTE
r-devel-linux-x86_64-fedora-clang 0.1.6 244.89 NOTE
r-devel-linux-x86_64-fedora-gcc 0.1.6 233.95 NOTE
r-devel-windows-ix86+x86_64 0.1.6 45.00 199.00 244.00 NOTE
r-patched-linux-x86_64 0.1.6 18.93 163.23 182.16 NOTE
r-patched-solaris-x86 0.1.6 319.80 NOTE
r-release-linux-x86_64 0.1.6 19.37 162.91 182.28 NOTE
r-release-macos-x86_64 0.1.6 NOTE
r-release-windows-ix86+x86_64 0.1.6 46.00 211.00 257.00 NOTE
r-oldrel-macos-x86_64 0.1.6 NOTE
r-oldrel-windows-ix86+x86_64 0.1.6 37.00 187.00 224.00 NOTE

Check Details

Version: 0.1.6
Check: package dependencies
Result: NOTE
    Package suggested but not available for checking: 'fastshp'
Flavors: r-devel-linux-x86_64-debian-clang, r-devel-linux-x86_64-debian-gcc, r-devel-linux-x86_64-fedora-clang, r-devel-linux-x86_64-fedora-gcc, r-devel-windows-ix86+x86_64, r-patched-linux-x86_64, r-patched-solaris-x86, r-release-linux-x86_64, r-release-macos-x86_64, r-release-windows-ix86+x86_64, r-oldrel-macos-x86_64, r-oldrel-windows-ix86+x86_64