Last updated on 2021-01-20 00:48:27 CET.
Flavor | Version | Tinstall | Tcheck | Ttotal | Status | Flags |
---|---|---|---|---|---|---|
r-devel-linux-x86_64-debian-clang | 0.1.0 | 16.84 | 151.86 | 168.70 | OK | |
r-devel-linux-x86_64-debian-gcc | 0.1.0 | 13.03 | 110.36 | 123.39 | OK | |
r-devel-linux-x86_64-fedora-clang | 0.1.0 | 200.04 | NOTE | |||
r-devel-linux-x86_64-fedora-gcc | 0.1.0 | 193.89 | NOTE | |||
r-devel-windows-ix86+x86_64 | 0.1.0 | 27.00 | 188.00 | 215.00 | OK | |
r-patched-linux-x86_64 | 0.1.0 | 15.72 | 135.59 | 151.31 | OK | |
r-patched-solaris-x86 | 0.1.0 | 256.00 | NOTE | |||
r-release-linux-x86_64 | 0.1.0 | 15.23 | 137.02 | 152.25 | OK | |
r-release-macos-x86_64 | 0.1.0 | NOTE | ||||
r-release-windows-ix86+x86_64 | 0.1.0 | 29.00 | 180.00 | 209.00 | OK | |
r-oldrel-macos-x86_64 | 0.1.0 | NOTE | ||||
r-oldrel-windows-ix86+x86_64 | 0.1.0 | 23.00 | 159.00 | 182.00 | OK |
Version: 0.1.0
Check: dependencies in R code
Result: NOTE
Namespaces in Imports field not imported from:
‘MCMCpack’ ‘gridExtra’ ‘knitr’
All declared Imports should be used.
Flavors: r-devel-linux-x86_64-fedora-clang, r-devel-linux-x86_64-fedora-gcc, r-patched-solaris-x86, r-release-macos-x86_64, r-oldrel-macos-x86_64