CRAN Package Check Results for Package r4lineups

Last updated on 2020-02-17 00:49:23 CET.

Flavor Version Tinstall Tcheck Ttotal Status Flags
r-devel-linux-x86_64-debian-clang 0.1.1 7.77 68.08 75.85 OK
r-devel-linux-x86_64-debian-gcc 0.1.1 5.79 52.38 58.17 OK
r-devel-linux-x86_64-fedora-clang 0.1.1 91.72 OK
r-devel-linux-x86_64-fedora-gcc 0.1.1 87.10 OK
r-devel-windows-ix86+x86_64 0.1.1 18.00 95.00 113.00 WARN
r-devel-windows-ix86+x86_64-gcc8 0.1.1 24.00 96.00 120.00 OK
r-patched-linux-x86_64 0.1.1 6.38 61.22 67.60 OK
r-patched-solaris-x86 0.1.1 123.60 OK
r-release-linux-x86_64 0.1.1 6.13 60.44 66.57 OK
r-release-windows-ix86+x86_64 0.1.1 12.00 83.00 95.00 OK
r-release-osx-x86_64 0.1.1 OK
r-oldrel-windows-ix86+x86_64 0.1.1 8.00 79.00 87.00 OK
r-oldrel-osx-x86_64 0.1.1 OK

Check Details

Version: 0.1.1
Check: re-building of vignette outputs
Result: WARN
    Error(s) in re-building vignettes:
    --- re-building 'Vignette.Rmd' using rmarkdown
    Warning in roc.default(response, predictors[, 1], ...) :
     'response' has more than two levels. Consider setting 'levels' explicitly or using 'multiclass.roc' instead
    Warning in coords.roc(rocobj, "all", ret = c("tp")) :
     The 'transpose' argument to FALSE by default since pROC 1.16. Set transpose = TRUE explicitly to revert to the previous behavior, or transpose = TRUE to silence this warning. Type help(coords_transpose) for additional information.
    Warning in coords.roc(rocobj, "all", ret = "fp") :
     The 'transpose' argument to FALSE by default since pROC 1.16. Set transpose = TRUE explicitly to revert to the previous behavior, or transpose = TRUE to silence this warning. Type help(coords_transpose) for additional information.
    Quitting from lines 411-412 (Vignette.Rmd)
    Error: processing vignette 'Vignette.Rmd' failed with diagnostics:
    Could not resolve host: raw.githubusercontent.com
    --- failed re-building 'Vignette.Rmd'
    
    SUMMARY: processing the following file failed:
     'Vignette.Rmd'
    
    Error: Vignette re-building failed.
    Execution halted
Flavor: r-devel-windows-ix86+x86_64