Last updated on 2023-02-02 00:54:56 CET.
Flavor | Version | Tinstall | Tcheck | Ttotal | Status | Flags |
---|---|---|---|---|---|---|
r-devel-linux-x86_64-debian-clang | 0.1.1 | 29.58 | 28.89 | 58.47 | NOTE | |
r-devel-linux-x86_64-debian-gcc | 0.1.1 | 24.17 | 22.56 | 46.73 | NOTE | |
r-devel-linux-x86_64-fedora-clang | 0.1.1 | 82.21 | NOTE | |||
r-devel-linux-x86_64-fedora-gcc | 0.1.1 | 74.89 | NOTE | |||
r-patched-linux-x86_64 | 0.1.1 | 23.31 | 28.89 | 52.20 | NOTE | |
r-release-linux-x86_64 | 0.1.1 | 24.68 | 28.69 | 53.37 | NOTE | |
r-release-macos-arm64 | 0.1.1 | 26.00 | NOTE | |||
r-release-macos-x86_64 | 0.1.1 | 34.00 | NOTE | |||
r-release-windows-x86_64 | 0.1.1 | 53.00 | 88.00 | 141.00 | NOTE | |
r-oldrel-macos-arm64 | 0.1.1 | 31.00 | NOTE | |||
r-oldrel-macos-x86_64 | 0.1.1 | 43.00 | NOTE | |||
r-oldrel-windows-ix86+x86_64 | 0.1.1 | 72.00 | 78.00 | 150.00 | NOTE |
Version: 0.1.1
Check: LazyData
Result: NOTE
'LazyData' is specified without a 'data' directory
Flavors: r-devel-linux-x86_64-debian-clang, r-devel-linux-x86_64-debian-gcc, r-devel-linux-x86_64-fedora-clang, r-devel-linux-x86_64-fedora-gcc, r-patched-linux-x86_64, r-release-linux-x86_64, r-release-macos-arm64, r-release-macos-x86_64, r-release-windows-x86_64, r-oldrel-macos-arm64, r-oldrel-macos-x86_64, r-oldrel-windows-ix86+x86_64