CRAN Package Check Results for Package rDEA

Last updated on 2021-12-08 01:51:54 CET.

Flavor Version Tinstall Tcheck Ttotal Status Flags
r-devel-linux-x86_64-debian-clang 1.2-6 5.32 64.70 70.02 OK
r-devel-linux-x86_64-debian-gcc 1.2-6 4.22 49.47 53.69 OK
r-devel-linux-x86_64-fedora-clang 1.2-6 86.19 NOTE
r-devel-linux-x86_64-fedora-gcc 1.2-6 75.72 OK
r-devel-windows-x86_64-new-UL 1.2-6 16.00 105.00 121.00 OK
r-devel-windows-x86_64-new-TK 1.2-6 OK
r-devel-windows-x86_64-old 1.2-6 9.00 66.00 75.00 OK
r-patched-linux-x86_64 1.2-6 5.38 62.56 67.94 OK
r-release-linux-x86_64 1.2-6 5.65 62.89 68.54 OK
r-release-macos-arm64 1.2-6 OK
r-release-macos-x86_64 1.2-6 OK
r-release-windows-ix86+x86_64 1.2-6 10.00 115.00 125.00 OK
r-oldrel-macos-x86_64 1.2-6 OK
r-oldrel-windows-ix86+x86_64 1.2-6 14.00 111.00 125.00 OK

Check Details

Version: 1.2-6
Check: Rd cross-references
Result: NOTE
    Undeclared package ‘Rglpk’ in Rd xrefs
Flavor: r-devel-linux-x86_64-fedora-clang