CRAN Package Check Results for Package rFIA

Last updated on 2020-09-19 00:50:15 CEST.

Flavor Version Tinstall Tcheck Ttotal Status Flags
r-devel-linux-x86_64-debian-clang 0.2.3 54.18 212.48 266.66 OK
r-devel-linux-x86_64-debian-gcc 0.2.4 40.88 146.86 187.74 OK
r-devel-linux-x86_64-fedora-clang 0.2.4 250.61 NOTE
r-devel-linux-x86_64-fedora-gcc 0.2.4 233.52 NOTE
r-devel-windows-ix86+x86_64 0.2.4 80.00 264.00 344.00 OK
r-patched-linux-x86_64 0.2.4 45.69 196.49 242.18 OK
r-patched-solaris-x86 0.2.4 433.90 NOTE
r-release-linux-x86_64 0.2.3 62.02 208.29 270.31 OK
r-release-macos-x86_64 0.2.3 NOTE
r-release-windows-ix86+x86_64 0.2.3 94.00 272.00 366.00 NOTE
r-oldrel-macos-x86_64 0.2.4 NOTE
r-oldrel-windows-ix86+x86_64 0.2.3 94.00 250.00 344.00 NOTE

Check Details

Version: 0.2.4
Check: dependencies in R code
Result: NOTE
    Namespaces in Imports field not imported from:
     ‘dtplyr’ ‘progress’ ‘purrr’
     All declared Imports should be used.
Flavors: r-devel-linux-x86_64-fedora-clang, r-devel-linux-x86_64-fedora-gcc, r-patched-solaris-x86, r-oldrel-macos-x86_64

Version: 0.2.4
Check: installed package size
Result: NOTE
     installed size is 5.4Mb
     sub-directories of 1Mb or more:
     R 2.1Mb
     data 1.9Mb
     help 1.3Mb
Flavor: r-patched-solaris-x86

Version: 0.2.3
Check: installed package size
Result: NOTE
     installed size is 5.1Mb
     sub-directories of 1Mb or more:
     R 2.1Mb
     data 1.9Mb
     help 1.0Mb
Flavors: r-release-macos-x86_64, r-release-windows-ix86+x86_64, r-oldrel-windows-ix86+x86_64