CRAN Package Check Results for Package rKOMICS

Last updated on 2021-05-07 01:48:54 CEST.

Flavor Version Tinstall Tcheck Ttotal Status Flags
r-devel-linux-x86_64-debian-clang 1.0 20.14 164.42 184.56 OK
r-devel-linux-x86_64-debian-gcc 1.0 14.81 122.63 137.44 OK
r-devel-linux-x86_64-fedora-clang 1.0 241.02 NOTE
r-devel-linux-x86_64-fedora-gcc 1.0 225.01 OK
r-devel-windows-ix86+x86_64 1.0 72.00 189.00 261.00 NOTE
r-devel-windows-x86_64-gcc10-UCRT 1.0 OK
r-patched-linux-x86_64 1.0 18.24 155.42 173.66 OK
r-patched-solaris-x86 1.0 314.20 NOTE
r-release-linux-x86_64 1.0 16.91 153.08 169.99 OK
r-release-macos-x86_64 1.0 NOTE
r-release-windows-ix86+x86_64 1.0 50.00 143.00 193.00 NOTE
r-oldrel-macos-x86_64 1.0 NOTE
r-oldrel-windows-ix86+x86_64 1.0 46.00 123.00 169.00 NOTE

Check Details

Version: 1.0
Check: installed package size
Result: NOTE
     installed size is 26.7Mb
     sub-directories of 1Mb or more:
     extdata 26.3Mb
Flavors: r-devel-linux-x86_64-fedora-clang, r-devel-windows-ix86+x86_64, r-patched-solaris-x86, r-release-macos-x86_64, r-release-windows-ix86+x86_64, r-oldrel-macos-x86_64, r-oldrel-windows-ix86+x86_64