Last updated on 2023-02-07 00:54:28 CET.
Flavor | Version | Tinstall | Tcheck | Ttotal | Status | Flags |
---|---|---|---|---|---|---|
r-devel-linux-x86_64-debian-clang | 1.0.6 | 123.40 | 78.10 | 201.50 | NOTE | |
r-devel-linux-x86_64-debian-gcc | 1.0.6 | 104.07 | 56.84 | 160.91 | NOTE | |
r-devel-linux-x86_64-fedora-clang | 1.0.6 | 279.21 | NOTE | |||
r-devel-linux-x86_64-fedora-gcc | 1.0.6 | 261.20 | NOTE | |||
r-devel-windows-x86_64 | 1.0.6 | 116.00 | 132.00 | 248.00 | NOTE | |
r-patched-linux-x86_64 | 1.0.6 | 109.50 | 72.93 | 182.43 | OK | |
r-release-linux-x86_64 | 1.0.6 | 110.57 | 71.23 | 181.80 | OK | |
r-release-macos-arm64 | 1.0.6 | 57.00 | NOTE | |||
r-release-macos-x86_64 | 1.0.6 | 82.00 | NOTE | |||
r-release-windows-x86_64 | 1.0.6 | 110.00 | 143.00 | 253.00 | OK | |
r-oldrel-macos-arm64 | 1.0.6 | 78.00 | NOTE | |||
r-oldrel-macos-x86_64 | 1.0.6 | 122.00 | NOTE | |||
r-oldrel-windows-ix86+x86_64 | 1.0.6 | 287.00 | 152.00 | 439.00 | OK |
Version: 1.0.6
Check: C++ specification
Result: NOTE
Specified C++11: please update to current default of C++17
Flavors: r-devel-linux-x86_64-debian-clang, r-devel-linux-x86_64-debian-gcc, r-devel-linux-x86_64-fedora-clang, r-devel-linux-x86_64-fedora-gcc, r-devel-windows-x86_64
Version: 1.0.6
Check: dependencies in R code
Result: NOTE
Namespace in Imports field not imported from: ‘Rcpp’
All declared Imports should be used.
Flavors: r-devel-linux-x86_64-fedora-clang, r-devel-linux-x86_64-fedora-gcc, r-release-macos-arm64, r-release-macos-x86_64, r-oldrel-macos-arm64, r-oldrel-macos-x86_64
Version: 1.0.6
Check: installed package size
Result: NOTE
installed size is 20.3Mb
sub-directories of 1Mb or more:
libs 19.1Mb
Flavors: r-release-macos-arm64, r-release-macos-x86_64, r-oldrel-macos-arm64, r-oldrel-macos-x86_64