CRAN Package Check Results for Package rNOMADS

Last updated on 2021-06-24 01:50:34 CEST.

Flavor Version Tinstall Tcheck Ttotal Status Flags
r-devel-linux-x86_64-debian-clang 2.5.0 4.13 37.04 41.17 OK
r-devel-linux-x86_64-debian-gcc 2.5.0 3.60 28.37 31.97 OK
r-devel-linux-x86_64-fedora-clang 2.5.0 58.30 OK
r-devel-linux-x86_64-fedora-gcc 2.5.0 47.25 OK
r-devel-windows-x86_64 2.5.0 7.00 47.00 54.00 OK
r-devel-windows-x86_64-gcc10-UCRT 2.5.0 ERROR
r-patched-linux-x86_64 2.5.0 4.25 35.05 39.30 OK
r-patched-solaris-x86 2.5.0 68.30 OK
r-release-linux-x86_64 2.5.0 3.97 34.88 38.85 OK
r-release-macos-arm64 2.5.0 OK
r-release-macos-x86_64 2.5.0 OK
r-release-windows-ix86+x86_64 2.5.0 7.00 56.00 63.00 OK
r-oldrel-macos-x86_64 2.5.0 OK

Check Details

Version: 2.5.0
Check: package dependencies
Result: ERROR
    Package required but not available: 'rvest'
    
    See section 'The DESCRIPTION file' in the 'Writing R Extensions'
    manual.
Flavor: r-devel-windows-x86_64-gcc10-UCRT