CRAN Package Check Results for Package rPackedBar

Last updated on 2022-07-03 01:49:04 CEST.

Flavor Version Tinstall Tcheck Ttotal Status Flags
r-devel-linux-x86_64-debian-clang 0.2.2 8.19 65.80 73.99 NOTE
r-devel-linux-x86_64-debian-gcc 0.2.2 5.72 49.07 54.79 NOTE
r-devel-linux-x86_64-fedora-clang 0.2.2 97.14 NOTE
r-devel-linux-x86_64-fedora-gcc 0.2.2 94.76 NOTE
r-devel-windows-x86_64 0.2.2 38.00 92.00 130.00 NOTE
r-patched-linux-x86_64 0.2.2 6.85 62.11 68.96 NOTE
r-release-linux-x86_64 0.2.2 4.69 62.20 66.89 NOTE
r-release-macos-arm64 0.2.2 31.00 NOTE
r-release-macos-x86_64 0.2.2 50.00 NOTE
r-release-windows-x86_64 0.2.2 19.00 92.00 111.00 NOTE
r-oldrel-macos-arm64 0.2.2 34.00 NOTE
r-oldrel-macos-x86_64 0.2.2 53.00 NOTE
r-oldrel-windows-ix86+x86_64 0.2.2 19.00 87.00 106.00 NOTE

Check Details

Version: 0.2.2
Check: LazyData
Result: NOTE
     'LazyData' is specified without a 'data' directory
Flavors: r-devel-linux-x86_64-debian-clang, r-devel-linux-x86_64-debian-gcc, r-devel-linux-x86_64-fedora-clang, r-devel-linux-x86_64-fedora-gcc, r-devel-windows-x86_64, r-patched-linux-x86_64, r-release-linux-x86_64, r-release-macos-arm64, r-release-macos-x86_64, r-release-windows-x86_64, r-oldrel-macos-arm64, r-oldrel-macos-x86_64, r-oldrel-windows-ix86+x86_64