Last updated on 2023-06-01 07:57:11 CEST.
Flavor | Version | Tinstall | Tcheck | Ttotal | Status | Flags |
---|---|---|---|---|---|---|
r-devel-linux-x86_64-debian-clang | 2.3.1 | 17.78 | 126.73 | 144.51 | NOTE | |
r-devel-linux-x86_64-debian-gcc | 2.3.1 | 15.64 | 97.30 | 112.94 | NOTE | |
r-devel-linux-x86_64-fedora-clang | 2.3.1 | 184.25 | NOTE | |||
r-devel-linux-x86_64-fedora-gcc | 2.3.1 | 194.79 | OK | |||
r-devel-windows-x86_64 | 2.3.1 | 15.00 | 114.00 | 129.00 | NOTE | |
r-patched-linux-x86_64 | 2.3.1 | NOTE | ||||
r-release-linux-x86_64 | 2.3.1 | 17.47 | 121.33 | 138.80 | NOTE | |
r-release-macos-arm64 | 2.3.1 | 56.00 | NOTE | |||
r-release-macos-x86_64 | 2.2.0 | 129.00 | NOTE | |||
r-release-windows-x86_64 | 2.3.1 | 23.00 | 137.00 | 160.00 | NOTE | |
r-oldrel-macos-arm64 | 2.3.1 | 50.00 | NOTE | |||
r-oldrel-macos-x86_64 | 2.3.1 | 69.00 | NOTE | |||
r-oldrel-windows-x86_64 | 2.3.1 | 23.00 | 130.00 | 153.00 | NOTE |
Version: 2.3.1
Check: package dependencies
Result: NOTE
Package suggested but not available for checking: ‘INLA’
Flavors: r-devel-linux-x86_64-debian-clang, r-devel-linux-x86_64-debian-gcc, r-devel-windows-x86_64, r-patched-linux-x86_64, r-release-linux-x86_64, r-release-macos-arm64, r-release-windows-x86_64, r-oldrel-macos-arm64, r-oldrel-macos-x86_64, r-oldrel-windows-x86_64
Version: 2.3.1
Check: installed package size
Result: NOTE
installed size is 5.7Mb
sub-directories of 1Mb or more:
R 1.8Mb
doc 2.4Mb
help 1.4Mb
Flavors: r-devel-linux-x86_64-fedora-clang, r-devel-windows-x86_64, r-release-macos-arm64, r-release-windows-x86_64, r-oldrel-macos-arm64, r-oldrel-macos-x86_64, r-oldrel-windows-x86_64
Version: 2.2.0
Check: package dependencies
Result: NOTE
Package suggested but not available for checking: ‘INLA’
Flavor: r-release-macos-x86_64
Version: 2.2.0
Check: installed package size
Result: NOTE
installed size is 5.7Mb
sub-directories of 1Mb or more:
R 1.7Mb
doc 2.4Mb
help 1.4Mb
Flavor: r-release-macos-x86_64