CRAN Package Check Results for Package rWishart

Last updated on 2023-06-03 08:05:55 CEST.

Flavor Version Tinstall Tcheck Ttotal Status Flags
r-devel-linux-x86_64-debian-clang 0.1.2 6.79 67.35 74.14 NOTE
r-devel-linux-x86_64-debian-gcc 0.1.2 6.05 51.52 57.57 NOTE
r-devel-linux-x86_64-fedora-clang 0.1.2 93.46 NOTE
r-devel-linux-x86_64-fedora-gcc 0.1.2 88.40 NOTE
r-devel-windows-x86_64 0.1.2 7.00 76.00 83.00 NOTE
r-patched-linux-x86_64 0.1.2 NOTE
r-release-linux-x86_64 0.1.2 7.76 64.19 71.95 NOTE
r-release-macos-arm64 0.1.2 32.00 NOTE
r-release-macos-x86_64 0.1.2 50.00 NOTE
r-release-windows-x86_64 0.1.2 10.00 82.00 92.00 NOTE
r-oldrel-macos-arm64 0.1.2 29.00 NOTE
r-oldrel-macos-x86_64 0.1.2 41.00 NOTE
r-oldrel-windows-x86_64 0.1.2 10.00 81.00 91.00 NOTE

Check Details

Version: 0.1.2
Check: LazyData
Result: NOTE
     'LazyData' is specified without a 'data' directory
Flavors: r-devel-linux-x86_64-debian-clang, r-devel-linux-x86_64-debian-gcc, r-devel-linux-x86_64-fedora-clang, r-devel-linux-x86_64-fedora-gcc, r-devel-windows-x86_64, r-patched-linux-x86_64, r-release-linux-x86_64, r-release-macos-arm64, r-release-macos-x86_64, r-release-windows-x86_64, r-oldrel-macos-arm64, r-oldrel-macos-x86_64, r-oldrel-windows-x86_64