CRAN Package Check Results for Package radiant.data

Last updated on 2020-07-10 01:49:10 CEST.

Flavor Version Tinstall Tcheck Ttotal Status Flags
r-devel-linux-x86_64-debian-clang 1.3.9 14.75 120.23 134.98 OK
r-devel-linux-x86_64-debian-gcc 1.3.9 11.83 92.18 104.01 OK
r-devel-linux-x86_64-fedora-clang 1.3.9 171.41 NOTE
r-devel-linux-x86_64-fedora-gcc 1.3.9 160.77 OK
r-devel-windows-ix86+x86_64 1.3.9 31.00 154.00 185.00 OK
r-patched-linux-x86_64 1.3.9 15.72 116.60 132.32 OK
r-patched-solaris-x86 1.3.9 220.10 OK
r-release-linux-x86_64 1.3.9 15.94 118.56 134.50 OK
r-release-osx-x86_64 1.3.9 OK
r-release-windows-ix86+x86_64 1.3.9 33.00 146.00 179.00 OK
r-oldrel-osx-x86_64 1.3.9 OK
r-oldrel-windows-ix86+x86_64 1.3.9 36.00 141.00 177.00 OK

Check Details

Version: 1.3.9
Check: package dependencies
Result: NOTE
    Imports includes 27 non-default packages.
    Importing from so many packages makes the package vulnerable to any of
    them becoming unavailable. Move as many as possible to Suggests and
    use conditionally.
Flavor: r-devel-linux-x86_64-fedora-clang