Last updated on 2021-01-27 00:48:38 CET.
Flavor | Version | Tinstall | Tcheck | Ttotal | Status | Flags |
---|---|---|---|---|---|---|
r-devel-linux-x86_64-debian-clang | 1.3.12 | 15.69 | 130.19 | 145.88 | OK | |
r-devel-linux-x86_64-debian-gcc | 1.3.12 | 11.69 | 96.55 | 108.24 | OK | |
r-devel-linux-x86_64-fedora-clang | 1.3.12 | 179.23 | NOTE | |||
r-devel-linux-x86_64-fedora-gcc | 1.3.12 | 173.70 | OK | |||
r-devel-windows-ix86+x86_64 | 1.3.12 | 35.00 | 151.00 | 186.00 | OK | |
r-patched-linux-x86_64 | 1.3.12 | 13.98 | 120.58 | 134.56 | OK | |
r-patched-solaris-x86 | 1.3.12 | 231.90 | OK | |||
r-release-linux-x86_64 | 1.3.12 | 15.19 | 121.33 | 136.52 | OK | |
r-release-macos-x86_64 | 1.3.12 | OK | ||||
r-release-windows-ix86+x86_64 | 1.3.12 | 35.00 | 120.00 | 155.00 | OK | |
r-oldrel-macos-x86_64 | 1.3.12 | OK | ||||
r-oldrel-windows-ix86+x86_64 | 1.3.12 | 27.00 | 174.00 | 201.00 | OK |
Version: 1.3.12
Check: package dependencies
Result: NOTE
Imports includes 27 non-default packages.
Importing from so many packages makes the package vulnerable to any of
them becoming unavailable. Move as many as possible to Suggests and
use conditionally.
Flavor: r-devel-linux-x86_64-fedora-clang