CRAN Package Check Results for Package radiant

Last updated on 2022-12-06 00:51:19 CET.

Flavor Version Tinstall Tcheck Ttotal Status Flags
r-devel-linux-x86_64-debian-clang 1.4.4 17.13 198.55 215.68 OK
r-devel-linux-x86_64-debian-gcc 1.4.4 15.07 146.73 161.80 OK
r-devel-linux-x86_64-fedora-clang 1.4.4 271.90 NOTE
r-devel-linux-x86_64-fedora-gcc 1.4.4 289.73 OK
r-devel-windows-x86_64 1.4.4 21.00 218.00 239.00 OK
r-patched-linux-x86_64 1.4.4 16.12 183.98 200.10 OK
r-release-linux-x86_64 1.4.4 15.54 184.88 200.42 OK
r-release-macos-arm64 1.4.4 73.00 OK
r-release-macos-x86_64 1.4.4 120.00 OK
r-release-windows-x86_64 1.4.4 23.00 237.00 260.00 OK
r-oldrel-macos-arm64 1.4.4 72.00 OK
r-oldrel-macos-x86_64 1.4.4 118.00 OK
r-oldrel-windows-ix86+x86_64 1.4.4 40.00 219.00 259.00 OK

Check Details

Version: 1.4.4
Check: installed package size
Result: NOTE
     installed size is 5.0Mb
     sub-directories of 1Mb or more:
     doc 4.9Mb
Flavor: r-devel-linux-x86_64-fedora-clang