CRAN Package Check Results for Package radiant.model

Last updated on 2020-01-27 00:48:17 CET.

Flavor Version Tinstall Tcheck Ttotal Status Flags
r-devel-linux-x86_64-debian-clang 1.0.0 18.13 138.39 156.52 OK
r-devel-linux-x86_64-debian-gcc 1.0.0 14.70 103.29 117.99 OK
r-devel-linux-x86_64-fedora-clang 1.0.0 181.37 NOTE
r-devel-linux-x86_64-fedora-gcc 1.0.0 179.64 OK
r-devel-windows-ix86+x86_64 1.0.0 72.00 219.00 291.00 OK
r-devel-windows-ix86+x86_64-gcc8 1.0.0 71.00 166.00 237.00 OK
r-patched-linux-x86_64 1.0.0 14.38 122.31 136.69 OK
r-patched-solaris-x86 1.0.0 232.90 OK
r-release-linux-x86_64 1.0.0 16.29 120.98 137.27 OK
r-release-windows-ix86+x86_64 1.0.0 31.00 164.00 195.00 OK
r-release-osx-x86_64 1.0.0 OK
r-oldrel-windows-ix86+x86_64 1.0.0 27.00 138.00 165.00 OK
r-oldrel-osx-x86_64 1.0.0 OK

Check Details

Version: 1.0.0
Check: package dependencies
Result: NOTE
    Imports includes 21 non-default packages.
    Importing from so many packages makes the package vulnerable to any of
    them becoming unavailable. Move as many as possible to Suggests and
    use conditionally.
Flavor: r-devel-linux-x86_64-fedora-clang