CRAN Package Check Results for Package radiant.model

Last updated on 2020-09-26 02:09:23 CEST.

Flavor Version Tinstall Tcheck Ttotal Status Flags
r-devel-linux-x86_64-debian-clang 1.3.14 24.77 217.07 241.84 OK
r-devel-linux-x86_64-debian-gcc 1.3.14 20.11 173.40 193.51 OK
r-devel-linux-x86_64-fedora-clang 1.3.14 310.37 NOTE
r-devel-linux-x86_64-fedora-gcc 1.3.14 256.01 OK
r-devel-windows-ix86+x86_64 1.3.14 52.00 267.00 319.00 OK
r-patched-linux-x86_64 1.3.14 23.26 205.58 228.84 OK
r-patched-solaris-x86 1.3.14 383.50 OK
r-release-linux-x86_64 1.3.14 21.42 208.76 230.18 OK
r-release-macos-x86_64 1.3.14 OK
r-release-windows-ix86+x86_64 1.3.14 55.00 262.00 317.00 OK
r-oldrel-macos-x86_64 1.3.14 OK
r-oldrel-windows-ix86+x86_64 1.3.14 48.00 253.00 301.00 OK

Check Details

Version: 1.3.14
Check: package dependencies
Result: NOTE
    Imports includes 26 non-default packages.
    Importing from so many packages makes the package vulnerable to any of
    them becoming unavailable. Move as many as possible to Suggests and
    use conditionally.
Flavor: r-devel-linux-x86_64-fedora-clang