CRAN Package Check Results for Package ragg

Last updated on 2020-05-30 02:02:43 CEST.

Flavor Version Tinstall Tcheck Ttotal Status Flags
r-devel-linux-x86_64-debian-clang 0.2.0 49.42 29.47 78.89 OK
r-devel-linux-x86_64-debian-gcc 0.2.0 40.27 22.91 63.18 OK
r-devel-linux-x86_64-fedora-clang 0.2.0 112.16 NOTE
r-devel-linux-x86_64-fedora-gcc 0.2.0 109.21 OK
r-devel-windows-ix86+x86_64 0.2.0 134.00 84.00 218.00 NOTE
r-patched-linux-x86_64 0.2.0 45.89 29.51 75.40 ERROR
r-patched-solaris-x86 0.2.0 136.40 OK
r-release-linux-x86_64 0.2.0 45.88 29.34 75.22 OK
r-release-osx-x86_64 0.2.0 NOTE
r-release-windows-ix86+x86_64 0.2.0 104.00 102.00 206.00 NOTE
r-oldrel-osx-x86_64 0.2.0 NOTE
r-oldrel-windows-ix86+x86_64 0.2.0 150.00 83.00 233.00 NOTE

Check Details

Version: 0.2.0
Check: installed package size
Result: NOTE
     installed size is 5.9Mb
     sub-directories of 1Mb or more:
     libs 5.6Mb
Flavors: r-devel-linux-x86_64-fedora-clang, r-devel-windows-ix86+x86_64, r-release-osx-x86_64, r-release-windows-ix86+x86_64, r-oldrel-osx-x86_64, r-oldrel-windows-ix86+x86_64

Version: 0.2.0
Check: tests
Result: ERROR
     Running ‘testthat.R’ [10s/11s]
    Running the tests in ‘tests/testthat.R’ failed.
    Complete output:
     > library(testthat)
     > library(ragg)
     >
     > test_check("ragg")
     ── 1. Failure: polygon stroke works (@test-polygon.R#18) ──────────────────────
     polygon[["black"]] not equal to if (is_4plus) 9968 else 9976.
     1/1 mismatches
     [1] 9976 - 9968 == 8
    
     ── 2. Failure: polygon stroke works (@test-polygon.R#24) ──────────────────────
     polygon[["black"]] not equal to if (is_4plus) 9984 else 9988.
     1/1 mismatches
     [1] 9988 - 9984 == 4
    
     ── 3. Failure: polygon stroke works (@test-polygon.R#27) ──────────────────────
     polygon[["blue"]] not equal to if (is_4plus) 9968 else 9976.
     1/1 mismatches
     [1] 9976 - 9968 == 8
    
     ── 4. Failure: polygon stroke works (@test-polygon.R#30) ──────────────────────
     polygon[["#F8D5E4"]] not equal to if (is_4plus) 9968 else 9976.
     1/1 mismatches
     [1] 9976 - 9968 == 8
    
     ══ testthat results ═══════════════════════════════════════════════════════════
     [ OK: 61 | SKIPPED: 0 | WARNINGS: 0 | FAILED: 4 ]
     1. Failure: polygon stroke works (@test-polygon.R#18)
     2. Failure: polygon stroke works (@test-polygon.R#24)
     3. Failure: polygon stroke works (@test-polygon.R#27)
     4. Failure: polygon stroke works (@test-polygon.R#30)
    
     Error: testthat unit tests failed
     Execution halted
Flavor: r-patched-linux-x86_64