CRAN Package Check Results for Package ragg

Last updated on 2019-11-14 00:53:10 CET.

Flavor Version Tinstall Tcheck Ttotal Status Flags
r-devel-linux-x86_64-debian-clang 0.1.3 48.12 18.23 66.35 OK
r-devel-linux-x86_64-debian-gcc 0.1.3 35.47 14.79 50.26 OK
r-devel-linux-x86_64-fedora-clang 0.1.3 88.39 NOTE
r-devel-linux-x86_64-fedora-gcc 0.1.3 87.40 NOTE
r-devel-windows-ix86+x86_64 0.1.3 123.00 60.00 183.00 NOTE
r-patched-linux-x86_64 0.1.3 33.40 18.12 51.52 OK
r-patched-solaris-x86 0.1.3 104.30 OK
r-release-linux-x86_64 0.1.3 33.88 18.12 52.00 OK
r-release-windows-ix86+x86_64 0.1.3 116.00 58.00 174.00 NOTE
r-release-osx-x86_64 0.1.3 NOTE
r-oldrel-windows-ix86+x86_64 0.1.3 95.00 71.00 166.00 NOTE
r-oldrel-osx-x86_64 0.1.3 NOTE

Check Details

Version: 0.1.3
Check: installed package size
Result: NOTE
     installed size is 5.2Mb
     sub-directories of 1Mb or more:
     libs 4.9Mb
Flavors: r-devel-linux-x86_64-fedora-clang, r-devel-windows-ix86+x86_64, r-release-windows-ix86+x86_64, r-release-osx-x86_64, r-oldrel-windows-ix86+x86_64, r-oldrel-osx-x86_64

Version: 0.1.3
Check: top-level files
Result: NOTE
     possible bashism in configure line 30 ($(OS|MACH)TYPE):
     elif [[ "$OSTYPE" == "darwin"* ]]; then
     possible bashism in configure line 30 (alternative test command ([[ foo ]] should be [ foo ])):
     elif [[ "$OSTYPE" == "darwin"* ]]; then
     possible bashism in configure line 30 (should be 'b = a'):
     elif [[ "$OSTYPE" == "darwin"* ]]; then
     possible bashism in configure line 35 (should be '.', not 'source'):
     source tools/autobrew
Flavors: r-devel-linux-x86_64-fedora-clang, r-devel-linux-x86_64-fedora-gcc