CRAN Package Check Results for Package rags2ridges

Last updated on 2020-05-26 01:57:58 CEST.

Flavor Version Tinstall Tcheck Ttotal Status Flags
r-devel-linux-x86_64-debian-clang 2.2.2 68.15 211.95 280.10 OK
r-devel-linux-x86_64-debian-gcc 2.2.2 49.68 158.99 208.67 OK
r-devel-linux-x86_64-fedora-clang 2.2.2 337.76 NOTE
r-devel-linux-x86_64-fedora-gcc 2.2.2 331.07 OK
r-devel-windows-ix86+x86_64 2.2.2 163.00 372.00 535.00 OK
r-patched-linux-x86_64 2.2.2 45.92 207.57 253.49 OK
r-patched-solaris-x86 2.2.2 407.60 OK
r-release-linux-x86_64 2.2.2 53.67 209.14 262.81 OK
r-release-osx-x86_64 2.2.2 NOTE
r-release-windows-ix86+x86_64 2.2.2 131.00 483.00 614.00 OK
r-oldrel-osx-x86_64 2.2.2 NOTE
r-oldrel-windows-ix86+x86_64 2.2.2 108.00 355.00 463.00 OK

Check Details

Version: 2.2.2
Check: installed package size
Result: NOTE
     installed size is 5.8Mb
     sub-directories of 1Mb or more:
     libs 4.7Mb
Flavors: r-devel-linux-x86_64-fedora-clang, r-release-osx-x86_64, r-oldrel-osx-x86_64

Version: 2.2.2
Check: package dependencies
Result: NOTE
    Package suggested but not available for checking: ‘KEGGgraph’
Flavor: r-release-osx-x86_64