Last updated on 2023-01-27 00:51:12 CET.
Flavor | Version | Tinstall | Tcheck | Ttotal | Status | Flags |
---|---|---|---|---|---|---|
r-devel-linux-x86_64-debian-clang | 2.2.6 | 67.19 | 301.82 | 369.01 | OK | |
r-devel-linux-x86_64-debian-gcc | 2.2.6 | 55.42 | 218.09 | 273.51 | OK | |
r-devel-linux-x86_64-fedora-clang | 2.2.6 | 455.43 | OK | |||
r-devel-linux-x86_64-fedora-gcc | 2.2.6 | 453.81 | OK | |||
r-patched-linux-x86_64 | 2.2.6 | 67.30 | 274.68 | 341.98 | OK | |
r-release-linux-x86_64 | 2.2.6 | 47.88 | 277.07 | 324.95 | OK | |
r-release-macos-arm64 | 2.2.6 | 115.00 | NOTE | |||
r-release-macos-x86_64 | 2.2.6 | 157.00 | NOTE | |||
r-release-windows-x86_64 | 2.2.6 | 104.00 | 357.00 | 461.00 | OK | |
r-oldrel-macos-arm64 | 2.2.6 | 93.00 | NOTE | |||
r-oldrel-macos-x86_64 | 2.2.6 | 147.00 | NOTE | |||
r-oldrel-windows-ix86+x86_64 | 2.2.6 | 153.00 | 500.00 | 653.00 | OK |
Version: 2.2.6
Check: installed package size
Result: NOTE
installed size is 5.9Mb
sub-directories of 1Mb or more:
libs 4.7Mb
Flavors: r-release-macos-arm64, r-release-macos-x86_64, r-oldrel-macos-arm64, r-oldrel-macos-x86_64