CRAN Package Check Results for Package ralger

Last updated on 2021-09-22 01:49:04 CEST.

Flavor Version Tinstall Tcheck Ttotal Status Flags
r-devel-linux-x86_64-debian-clang 2.2.4 5.00 56.74 61.74 NOTE
r-devel-linux-x86_64-debian-gcc 2.2.4 3.84 42.52 46.36 NOTE
r-devel-linux-x86_64-fedora-clang 2.2.4 80.11 NOTE
r-devel-linux-x86_64-fedora-gcc 2.2.4 67.70 NOTE
r-devel-windows-x86_64 2.2.4 7.00 68.00 75.00 NOTE
r-devel-windows-x86_64-gcc10-UCRT 2.2.4 ERROR
r-patched-linux-x86_64 2.2.4 5.05 52.24 57.29 NOTE
r-patched-solaris-x86 2.2.4 107.30 NOTE
r-release-linux-x86_64 2.2.4 4.78 51.49 56.27 NOTE
r-release-macos-arm64 2.2.4 NOTE
r-release-macos-x86_64 2.2.4 NOTE
r-release-windows-ix86+x86_64 2.2.4 13.00 63.00 76.00 NOTE
r-oldrel-macos-x86_64 2.2.4 OK
r-oldrel-windows-ix86+x86_64 2.2.4 14.00 66.00 80.00 OK

Check Details

Version: 2.2.4
Check: LazyData
Result: NOTE
     'LazyData' is specified without a 'data' directory
Flavors: r-devel-linux-x86_64-debian-clang, r-devel-linux-x86_64-debian-gcc, r-devel-linux-x86_64-fedora-clang, r-devel-linux-x86_64-fedora-gcc, r-devel-windows-x86_64, r-devel-windows-x86_64-gcc10-UCRT, r-patched-linux-x86_64, r-patched-solaris-x86, r-release-linux-x86_64, r-release-macos-arm64, r-release-macos-x86_64, r-release-windows-ix86+x86_64

Version: 2.2.4
Check: whether package can be installed
Result: WARN
    Found the following significant warnings:
     WARNING: installation-time patches will not be applied, could not get the patches index
Flavor: r-devel-windows-x86_64-gcc10-UCRT

Version: 2.2.4
Check: PDF version of manual
Result: WARN
    LaTeX errors when creating PDF version.
    This typically indicates Rd problems.
Flavor: r-devel-windows-x86_64-gcc10-UCRT

Version: 2.2.4
Check: PDF version of manual without hyperrefs or index
Result: ERROR
    Re-running with no redirection of stdout/stderr.
Flavor: r-devel-windows-x86_64-gcc10-UCRT