CRAN Package Check Results for Package ramcmc

Last updated on 2020-08-12 01:47:10 CEST.

Flavor Version Tinstall Tcheck Ttotal Status Flags
r-devel-linux-x86_64-debian-clang 0.1.0-1 32.21 34.61 66.82 NOTE
r-devel-linux-x86_64-debian-gcc 0.1.0-1 21.78 26.46 48.24 NOTE
r-devel-linux-x86_64-fedora-clang 0.1.0-1 93.07 NOTE
r-devel-linux-x86_64-fedora-gcc 0.1.0-1 83.72 NOTE
r-devel-windows-ix86+x86_64 0.1.0-1 79.00 100.00 179.00 NOTE
r-patched-linux-x86_64 0.1.0-1 24.03 34.74 58.77 NOTE
r-patched-solaris-x86 0.1.0-1 93.10 NOTE
r-release-linux-x86_64 0.1.0-1 20.98 34.24 55.22 NOTE
r-release-macos-x86_64 0.1.0-1 NOTE
r-release-windows-ix86+x86_64 0.1.0-1 86.00 77.00 163.00 NOTE
r-oldrel-macos-x86_64 0.1.0-1 NOTE
r-oldrel-windows-ix86+x86_64 0.1.0-1 60.00 70.00 130.00 NOTE

Check Details

Version: 0.1.0-1
Check: line endings in C/C++/Fortran sources/headers
Result: NOTE
    Found the following sources/headers not terminated with a newline:
     inst/include/ramcmc.h
    Some compilers warn on such files.
Flavors: r-devel-linux-x86_64-debian-clang, r-devel-linux-x86_64-debian-gcc, r-devel-linux-x86_64-fedora-clang, r-devel-linux-x86_64-fedora-gcc, r-devel-windows-ix86+x86_64, r-patched-linux-x86_64, r-patched-solaris-x86, r-release-linux-x86_64, r-release-macos-x86_64, r-release-windows-ix86+x86_64, r-oldrel-macos-x86_64, r-oldrel-windows-ix86+x86_64