CRAN Package Check Results for Package randomForest

Last updated on 2020-02-28 00:48:05 CET.

Flavor Version Tinstall Tcheck Ttotal Status Flags
r-devel-linux-x86_64-debian-clang 4.6-14 7.10 34.22 41.32 WARN
r-devel-linux-x86_64-debian-gcc 4.6-14 5.04 26.82 31.86 OK
r-devel-linux-x86_64-fedora-clang 4.6-14 52.07 WARN
r-devel-linux-x86_64-fedora-gcc 4.6-14 49.96 OK
r-devel-windows-ix86+x86_64 4.6-14 24.00 58.00 82.00 OK
r-devel-windows-ix86+x86_64-gcc8 4.6-14 23.00 62.00 85.00 OK
r-patched-linux-x86_64 4.6-14 6.13 31.67 37.80 OK
r-patched-solaris-x86 4.6-14 68.10 OK
r-release-linux-x86_64 4.6-14 5.63 31.47 37.10 OK
r-release-windows-ix86+x86_64 4.6-14 18.00 58.00 76.00 OK
r-release-osx-x86_64 4.6-14 OK
r-oldrel-windows-ix86+x86_64 4.6-14 16.00 62.00 78.00 OK
r-oldrel-osx-x86_64 4.6-14 OK

Check Details

Version: 4.6-14
Check: whether package can be installed
Result: WARN
    Found the following significant warnings:
     rf.c:460:17: warning: expression result unused [-Wunused-value]
Flavors: r-devel-linux-x86_64-debian-clang, r-devel-linux-x86_64-fedora-clang