CRAN Package Check Results for Package randquotes

Last updated on 2022-06-30 01:49:17 CEST.

Flavor Version Tinstall Tcheck Ttotal Status Flags
r-devel-linux-x86_64-debian-clang 0.1.1 1.98 25.28 27.26 OK
r-devel-linux-x86_64-debian-gcc 0.1.1 1.29 19.67 20.96 OK
r-devel-linux-x86_64-fedora-clang 0.1.1 44.04 NOTE
r-devel-linux-x86_64-fedora-gcc 0.1.1 42.92 NOTE
r-devel-windows-x86_64 0.1.1 15.00 53.00 68.00 OK
r-patched-linux-x86_64 0.1.1 1.95 24.96 26.91 OK
r-release-linux-x86_64 0.1.1 1.96 24.86 26.82 OK
r-release-macos-arm64 0.1.1 17.00 NOTE
r-release-macos-x86_64 0.1.1 24.00 NOTE
r-release-windows-x86_64 0.1.1 17.00 56.00 73.00 OK
r-oldrel-macos-arm64 0.1.1 24.00 NOTE
r-oldrel-macos-x86_64 0.1.1 29.00 NOTE
r-oldrel-windows-ix86+x86_64 0.1.1 5.00 43.00 48.00 OK

Check Details

Version: 0.1.1
Check: dependencies in R code
Result: NOTE
    Namespaces in Imports field not imported from:
     ‘curl’ ‘jsonlite’
     All declared Imports should be used.
Flavors: r-devel-linux-x86_64-fedora-clang, r-devel-linux-x86_64-fedora-gcc, r-release-macos-arm64, r-release-macos-x86_64, r-oldrel-macos-arm64, r-oldrel-macos-x86_64