CRAN Package Check Results for Package randtoolbox

Last updated on 2021-10-19 01:49:48 CEST.

Flavor Version Tinstall Tcheck Ttotal Status Flags
r-devel-linux-x86_64-debian-clang 1.30.1 10.82 70.35 81.17 WARN
r-devel-linux-x86_64-debian-gcc 1.30.1 8.59 54.95 63.54 WARN
r-devel-linux-x86_64-fedora-clang 1.30.1 119.33 WARN
r-devel-linux-x86_64-fedora-gcc 1.30.1 105.78 WARN
r-devel-windows-x86_64 1.30.1 22.00 94.00 116.00 OK
r-devel-windows-x86_64-gcc10-UCRT 1.30.1 OK
r-patched-linux-x86_64 1.30.1 11.07 69.67 80.74 WARN
r-patched-solaris-x86 1.30.1 147.10 OK
r-release-linux-x86_64 1.30.1 10.91 69.79 80.70 WARN
r-release-macos-arm64 1.30.1 OK
r-release-macos-x86_64 1.30.1 OK
r-release-windows-ix86+x86_64 1.30.1 35.00 96.00 131.00 OK
r-oldrel-macos-x86_64 1.30.1 OK
r-oldrel-windows-ix86+x86_64 1.30.1 27.00 99.00 126.00 OK

Check Details

Version: 1.30.1
Check: top-level files
Result: WARN
     Output from running autoreconf:
     configure.ac:310: warning: The macro `AC_TRY_COMPILE' is obsolete.
     configure.ac:310: You should run autoupdate.
     ./lib/autoconf/general.m4:2847: AC_TRY_COMPILE is expanded from...
     lib/m4sugar/m4sh.m4:692: _AS_IF_ELSE is expanded from...
     lib/m4sugar/m4sh.m4:699: AS_IF is expanded from...
     ./lib/autoconf/general.m4:2249: AC_CACHE_VAL is expanded from...
     ./lib/autoconf/general.m4:2270: AC_CACHE_CHECK is expanded from...
     configure.ac:216: AC_C_BIGENDIAN_CROSS is expanded from...
     configure.ac:310: the top level
     configure.ac:310: warning: The macro `AC_TRY_COMPILE' is obsolete.
     configure.ac:310: You should run autoupdate.
     ./lib/autoconf/general.m4:2847: AC_TRY_COMPILE is expanded from...
     lib/m4sugar/m4sh.m4:699: AS_IF is expanded from...
     ./lib/autoconf/general.m4:2823: _AC_COMPILE_IFELSE is expanded from...
     ./lib/autoconf/general.m4:2839: AC_COMPILE_IFELSE is expanded from...
     ./lib/autoconf/general.m4:2847: AC_TRY_COMPILE is expanded from...
     lib/m4sugar/m4sh.m4:692: _AS_IF_ELSE is expanded from...
     lib/m4sugar/m4sh.m4:699: AS_IF is expanded from...
     ./lib/autoconf/general.m4:2249: AC_CACHE_VAL is expanded from...
     ./lib/autoconf/general.m4:2270: AC_CACHE_CHECK is expanded from...
     configure.ac:216: AC_C_BIGENDIAN_CROSS is expanded from...
     configure.ac:310: the top level
     configure.ac:310: warning: The macro `AC_TRY_RUN' is obsolete.
     configure.ac:310: You should run autoupdate.
     ./lib/autoconf/general.m4:2997: AC_TRY_RUN is expanded from...
     lib/m4sugar/m4sh.m4:692: _AS_IF_ELSE is expanded from...
     lib/m4sugar/m4sh.m4:699: AS_IF is expanded from...
     ./lib/autoconf/general.m4:2249: AC_CACHE_VAL is expanded from...
     ./lib/autoconf/general.m4:2270: AC_CACHE_CHECK is expanded from...
     configure.ac:216: AC_C_BIGENDIAN_CROSS is expanded from...
     configure.ac:310: the top level
     configure.ac:310: warning: The macro `AC_FD_MSG' is obsolete.
     configure.ac:310: You should run autoupdate.
     ./lib/autoconf/general.m4:400: AC_FD_MSG is expanded from...
     lib/m4sugar/m4sh.m4:699: AS_IF is expanded from...
     ./lib/autoconf/general.m4:2981: AC_RUN_IFELSE is expanded from...
     ./lib/autoconf/general.m4:2997: AC_TRY_RUN is expanded from...
     lib/m4sugar/m4sh.m4:692: _AS_IF_ELSE is expanded from...
     lib/m4sugar/m4sh.m4:699: AS_IF is expanded from...
     ./lib/autoconf/general.m4:2249: AC_CACHE_VAL is expanded from...
     ./lib/autoconf/general.m4:2270: AC_CACHE_CHECK is expanded from...
     configure.ac:216: AC_C_BIGENDIAN_CROSS is expanded from...
     configure.ac:310: the top level
     configure.ac:310: warning: The macro `AC_FD_MSG' is obsolete.
     configure.ac:310: You should run autoupdate.
     ./lib/autoconf/general.m4:400: AC_FD_MSG is expanded from...
     configure.ac:216: AC_C_BIGENDIAN_CROSS is expanded from...
     configure.ac:310: the top level
     configure.ac:321: warning: The macro `AC_CONFIG_HEADER' is obsolete.
     configure.ac:321: You should run autoupdate.
     ./lib/autoconf/status.m4:719: AC_CONFIG_HEADER is expanded from...
     configure.ac:321: the top level
Flavors: r-devel-linux-x86_64-debian-clang, r-devel-linux-x86_64-debian-gcc, r-patched-linux-x86_64, r-release-linux-x86_64

Version: 1.30.1
Check: top-level files
Result: WARN
     Output from running autoreconf:
     configure.ac:310: warning: The macro `AC_TRY_COMPILE' is obsolete.
     configure.ac:310: You should run autoupdate.
     ./lib/autoconf/general.m4:2847: AC_TRY_COMPILE is expanded from...
     lib/m4sugar/m4sh.m4:692: _AS_IF_ELSE is expanded from...
     lib/m4sugar/m4sh.m4:699: AS_IF is expanded from...
     ./lib/autoconf/general.m4:2249: AC_CACHE_VAL is expanded from...
     ./lib/autoconf/general.m4:2270: AC_CACHE_CHECK is expanded from...
     configure.ac:216: AC_C_BIGENDIAN_CROSS is expanded from...
     configure.ac:310: the top level
     configure.ac:310: warning: The macro `AC_TRY_COMPILE' is obsolete.
     configure.ac:310: You should run autoupdate.
     ./lib/autoconf/general.m4:2847: AC_TRY_COMPILE is expanded from...
     lib/m4sugar/m4sh.m4:699: AS_IF is expanded from...
     ./lib/autoconf/general.m4:2823: _AC_COMPILE_IFELSE is expanded from...
     ./lib/autoconf/general.m4:2839: AC_COMPILE_IFELSE is expanded from...
     ./lib/autoconf/general.m4:2847: AC_TRY_COMPILE is expanded from...
     lib/m4sugar/m4sh.m4:692: _AS_IF_ELSE is expanded from...
     lib/m4sugar/m4sh.m4:699: AS_IF is expanded from...
     ./lib/autoconf/general.m4:2249: AC_CACHE_VAL is expanded from...
     ./lib/autoconf/general.m4:2270: AC_CACHE_CHECK is expanded from...
     configure.ac:216: AC_C_BIGENDIAN_CROSS is expanded from...
     configure.ac:310: the top level
     configure.ac:310: warning: The macro `AC_TRY_RUN' is obsolete.
     configure.ac:310: You should run autoupdate.
     ./lib/autoconf/general.m4:2997: AC_TRY_RUN is expanded from...
     lib/m4sugar/m4sh.m4:692: _AS_IF_ELSE is expanded from...
     lib/m4sugar/m4sh.m4:699: AS_IF is expanded from...
     ./lib/autoconf/general.m4:2249: AC_CACHE_VAL is expanded from...
     ./lib/autoconf/general.m4:2270: AC_CACHE_CHECK is expanded from...
     configure.ac:216: AC_C_BIGENDIAN_CROSS is expanded from...
     configure.ac:310: the top level
     configure.ac:310: warning: The macro `AC_FD_MSG' is obsolete.
     configure.ac:310: You should run autoupdate.
     ./lib/autoconf/general.m4:400: AC_FD_MSG is expanded from...
     lib/m4sugar/m4sh.m4:699: AS_IF is expanded from...
     ./lib/autoconf/general.m4:2981: AC_RUN_IFELSE is expanded from...
     ./lib/autoconf/general.m4:2997: AC_TRY_RUN is expanded from...
     lib/m4sugar/m4sh.m4:692: _AS_IF_ELSE is expanded from...
     lib/m4sugar/m4sh.m4:699: AS_IF is expanded from...
     ./lib/autoconf/general.m4:2249: AC_CACHE_VAL is expanded from...
     ./lib/autoconf/general.m4:2270: AC_CACHE_CHECK is expanded from...
     configure.ac:216: AC_C_BIGENDIAN_CROSS is expanded from...
     configure.ac:310: the top level
     configure.ac:310: warning: The macro `AC_FD_MSG' is obsolete.
     configure.ac:310: You should run autoupdate.
     ./lib/autoconf/general.m4:400: AC_FD_MSG is expanded from...
     configure.ac:216: AC_C_BIGENDIAN_CROSS is expanded from...
     configure.ac:310: the top level
     configure.ac:321: warning: The macro `AC_CONFIG_HEADER' is obsolete.
     configure.ac:321: You should run autoupdate.
     ./lib/autoconf/status.m4:719: AC_CONFIG_HEADER is expanded from...
     configure.ac:321: the top level
     configure.ac:310: warning: The macro `AC_TRY_COMPILE' is obsolete.
     configure.ac:310: You should run autoupdate.
     ./lib/autoconf/general.m4:2847: AC_TRY_COMPILE is expanded from...
     lib/m4sugar/m4sh.m4:692: _AS_IF_ELSE is expanded from...
     lib/m4sugar/m4sh.m4:699: AS_IF is expanded from...
     ./lib/autoconf/general.m4:2249: AC_CACHE_VAL is expanded from...
     ./lib/autoconf/general.m4:2270: AC_CACHE_CHECK is expanded from...
     configure.ac:216: AC_C_BIGENDIAN_CROSS is expanded from...
     configure.ac:310: the top level
     configure.ac:310: warning: The macro `AC_TRY_COMPILE' is obsolete.
     configure.ac:310: You should run autoupdate.
     ./lib/autoconf/general.m4:2847: AC_TRY_COMPILE is expanded from...
     lib/m4sugar/m4sh.m4:699: AS_IF is expanded from...
     ./lib/autoconf/general.m4:2823: _AC_COMPILE_IFELSE is expanded from...
     ./lib/autoconf/general.m4:2839: AC_COMPILE_IFELSE is expanded from...
     ./lib/autoconf/general.m4:2847: AC_TRY_COMPILE is expanded from...
     lib/m4sugar/m4sh.m4:692: _AS_IF_ELSE is expanded from...
     lib/m4sugar/m4sh.m4:699: AS_IF is expanded from...
     ./lib/autoconf/general.m4:2249: AC_CACHE_VAL is expanded from...
     ./lib/autoconf/general.m4:2270: AC_CACHE_CHECK is expanded from...
     configure.ac:216: AC_C_BIGENDIAN_CROSS is expanded from...
     configure.ac:310: the top level
     configure.ac:310: warning: The macro `AC_TRY_RUN' is obsolete.
     configure.ac:310: You should run autoupdate.
     ./lib/autoconf/general.m4:2997: AC_TRY_RUN is expanded from...
     lib/m4sugar/m4sh.m4:692: _AS_IF_ELSE is expanded from...
     lib/m4sugar/m4sh.m4:699: AS_IF is expanded from...
     ./lib/autoconf/general.m4:2249: AC_CACHE_VAL is expanded from...
     ./lib/autoconf/general.m4:2270: AC_CACHE_CHECK is expanded from...
     configure.ac:216: AC_C_BIGENDIAN_CROSS is expanded from...
     configure.ac:310: the top level
     configure.ac:310: warning: The macro `AC_FD_MSG' is obsolete.
     configure.ac:310: You should run autoupdate.
     ./lib/autoconf/general.m4:400: AC_FD_MSG is expanded from...
     lib/m4sugar/m4sh.m4:699: AS_IF is expanded from...
     ./lib/autoconf/general.m4:2981: AC_RUN_IFELSE is expanded from...
     ./lib/autoconf/general.m4:2997: AC_TRY_RUN is expanded from...
     lib/m4sugar/m4sh.m4:692: _AS_IF_ELSE is expanded from...
     lib/m4sugar/m4sh.m4:699: AS_IF is expanded from...
     ./lib/autoconf/general.m4:2249: AC_CACHE_VAL is expanded from...
     ./lib/autoconf/general.m4:2270: AC_CACHE_CHECK is expanded from...
     configure.ac:216: AC_C_BIGENDIAN_CROSS is expanded from...
     configure.ac:310: the top level
     configure.ac:310: warning: The macro `AC_FD_MSG' is obsolete.
     configure.ac:310: You should run autoupdate.
     ./lib/autoconf/general.m4:400: AC_FD_MSG is expanded from...
     configure.ac:216: AC_C_BIGENDIAN_CROSS is expanded from...
     configure.ac:310: the top level
     configure.ac:321: warning: The macro `AC_CONFIG_HEADER' is obsolete.
     configure.ac:321: You should run autoupdate.
     ./lib/autoconf/status.m4:719: AC_CONFIG_HEADER is expanded from...
     configure.ac:321: the top level
Flavors: r-devel-linux-x86_64-fedora-clang, r-devel-linux-x86_64-fedora-gcc