CRAN Package Check Results for Package ranger

Last updated on 2022-12-05 01:52:40 CET.

Flavor Version Tinstall Tcheck Ttotal Status Flags
r-devel-linux-x86_64-debian-clang 0.14.1 104.33 120.64 224.97 OK
r-devel-linux-x86_64-debian-gcc 0.14.1 90.84 93.82 184.66 OK
r-devel-linux-x86_64-fedora-clang 0.14.1 324.01 OK
r-devel-linux-x86_64-fedora-gcc 0.14.1 299.47 OK
r-devel-windows-x86_64 0.14.1 97.00 179.00 276.00 OK
r-patched-linux-x86_64 0.14.1 90.24 116.14 206.38 OK
r-release-linux-x86_64 0.14.1 88.31 115.77 204.08 OK
r-release-macos-arm64 0.14.1 72.00 NOTE
r-release-macos-x86_64 0.14.1 99.00 NOTE
r-release-windows-x86_64 0.14.1 96.00 172.00 268.00 OK
r-oldrel-macos-arm64 0.14.1 71.00 NOTE
r-oldrel-macos-x86_64 0.14.1 98.00 NOTE
r-oldrel-windows-ix86+x86_64 0.14.1 246.00 214.00 460.00 WARN

Check Details

Version: 0.14.1
Check: installed package size
Result: NOTE
     installed size is 7.2Mb
     sub-directories of 1Mb or more:
     libs 7.0Mb
Flavors: r-release-macos-arm64, r-release-macos-x86_64, r-oldrel-macos-arm64, r-oldrel-macos-x86_64

Version: 0.14.1
Check: for unstated dependencies in ‘tests’
Result: WARN
    Warning: unable to access index for repository https://bioconductor.org/packages/3.14/bioc/src/contrib:
     cannot open URL 'https://bioconductor.org/packages/3.14/bioc/src/contrib/PACKAGES'
    Warning: unable to access index for repository https://bioconductor.org/packages/3.14/data/annotation/src/contrib:
     cannot open URL 'https://bioconductor.org/packages/3.14/data/annotation/src/contrib/PACKAGES'
    Warning: unable to access index for repository https://bioconductor.org/packages/3.14/data/experiment/src/contrib:
     cannot open URL 'https://bioconductor.org/packages/3.14/data/experiment/src/contrib/PACKAGES'
Flavor: r-oldrel-windows-ix86+x86_64