CRAN Package Check Results for Package rapbase

Last updated on 2020-04-02 01:53:23 CEST.

Flavor Version Tinstall Tcheck Ttotal Status Flags
r-devel-linux-x86_64-debian-clang 1.10.0 3.46 135.81 139.27 OK
r-devel-linux-x86_64-debian-gcc 1.10.0 2.65 91.07 93.72 OK
r-devel-linux-x86_64-fedora-clang 1.10.0 41.18 NOTE
r-devel-linux-x86_64-fedora-gcc 1.10.0 147.84 NOTE
r-devel-windows-ix86+x86_64 1.10.0 13.00 42.00 55.00 OK
r-devel-windows-ix86+x86_64-gcc8 1.10.0 9.00 41.00 50.00 OK
r-patched-linux-x86_64 1.10.0 2.58 117.97 120.55 OK
r-patched-solaris-x86 1.10.0 60.40 NOTE
r-release-linux-x86_64 1.10.0 2.64 111.13 113.77 OK
r-release-windows-ix86+x86_64 1.10.0 7.00 46.00 53.00 OK
r-release-osx-x86_64 1.10.0 NOTE
r-oldrel-windows-ix86+x86_64 1.10.0 13.00 63.00 76.00 OK
r-oldrel-osx-x86_64 1.10.0 NOTE

Check Details

Version: 1.10.0
Check: dependencies in R code
Result: NOTE
    Namespace in Imports field not imported from: ‘RJDBC’
     All declared Imports should be used.
Flavors: r-devel-linux-x86_64-fedora-clang, r-devel-linux-x86_64-fedora-gcc, r-patched-solaris-x86, r-release-osx-x86_64, r-oldrel-osx-x86_64