CRAN Package Check Results for Package rare

Last updated on 2020-09-24 02:56:59 CEST.

Flavor Version Tinstall Tcheck Ttotal Status Flags
r-devel-linux-x86_64-debian-clang 0.1.1 46.95 77.76 124.71 OK
r-devel-linux-x86_64-debian-gcc 0.1.1 37.99 59.75 97.74 OK
r-devel-linux-x86_64-fedora-clang 0.1.1 169.76 NOTE
r-devel-linux-x86_64-fedora-gcc 0.1.1 158.23 OK
r-devel-windows-ix86+x86_64 0.1.1 103.00 145.00 248.00 OK
r-patched-linux-x86_64 0.1.1 40.47 75.02 115.49 OK
r-patched-solaris-x86 0.1.1 178.40 OK
r-release-linux-x86_64 0.1.1 39.52 73.54 113.06 OK
r-release-macos-x86_64 0.1.1 OK
r-release-windows-ix86+x86_64 0.1.1 97.00 140.00 237.00 OK
r-oldrel-macos-x86_64 0.1.1 OK
r-oldrel-windows-ix86+x86_64 0.1.1 70.00 138.00 208.00 OK

Check Details

Version: 0.1.1
Check: installed package size
Result: NOTE
     installed size is 5.0Mb
     sub-directories of 1Mb or more:
     doc 1.2Mb
     libs 3.6Mb
Flavor: r-devel-linux-x86_64-fedora-clang