Last updated on 2023-02-06 00:52:40 CET.
Flavor | Version | Tinstall | Tcheck | Ttotal | Status | Flags |
---|---|---|---|---|---|---|
r-devel-linux-x86_64-debian-clang | 1.0.5 | 4.57 | 340.33 | 344.90 | OK | |
r-devel-linux-x86_64-debian-gcc | 1.0.5 | 3.86 | 254.98 | 258.84 | OK | |
r-devel-linux-x86_64-fedora-clang | 1.0.5 | 410.02 | OK | |||
r-devel-linux-x86_64-fedora-gcc | 1.0.5 | 411.17 | OK | |||
r-devel-windows-x86_64 | 1.0.5 | 37.00 | 362.00 | 399.00 | ERROR | |
r-patched-linux-x86_64 | 1.0.5 | 5.51 | 326.74 | 332.25 | OK | |
r-release-linux-x86_64 | 1.0.5 | 3.48 | 284.50 | 287.98 | OK | |
r-release-macos-arm64 | 1.0.5 | 99.00 | OK | |||
r-release-macos-x86_64 | 1.0.5 | 135.00 | OK | |||
r-release-windows-x86_64 | 1.0.5 | 48.00 | 353.00 | 401.00 | OK | |
r-oldrel-macos-arm64 | 1.0.5 | 110.00 | OK | |||
r-oldrel-macos-x86_64 | 1.0.5 | 150.00 | OK | |||
r-oldrel-windows-ix86+x86_64 | 1.0.5 | 12.00 | 396.00 | 408.00 | OK |
Version: 1.0.5
Check: re-building of vignette outputs
Result: ERROR
Error(s) in re-building vignettes:
--- re-building 'classunits.Rmd' using rmarkdown
--- finished re-building 'classunits.Rmd'
--- re-building 'modeling.Rmd' using rmarkdown
--- re-building 'sampling.Rmd' using rmarkdown
--- finished re-building 'sampling.Rmd'
--- re-building 'signature.Rmd' using rmarkdown
--- finished re-building 'signature.Rmd'
--- re-building 'similarity.Rmd' using rmarkdown
--- finished re-building 'similarity.Rmd'
--- re-building 'stratunits.Rmd' using rmarkdown
--- finished re-building 'stratunits.Rmd'
SUMMARY: processing the following file failed:
'modeling.Rmd'
Error: Vignette re-building failed.
Execution halted
Flavor: r-devel-windows-x86_64