CRAN Package Check Results for Package rasterly

Last updated on 2022-06-25 01:49:08 CEST.

Flavor Version Tinstall Tcheck Ttotal Status Flags
r-devel-linux-x86_64-debian-clang 0.2.0 37.83 102.88 140.71 NOTE
r-devel-linux-x86_64-debian-gcc 0.2.0 30.45 75.55 106.00 NOTE
r-devel-linux-x86_64-fedora-clang 0.2.0 189.34 NOTE
r-devel-linux-x86_64-fedora-gcc 0.2.0 177.28 NOTE
r-devel-windows-x86_64 0.2.0 74.00 151.00 225.00 NOTE
r-patched-linux-x86_64 0.2.0 28.99 97.97 126.96 NOTE
r-release-linux-x86_64 0.2.0 33.35 96.66 130.01 NOTE
r-release-macos-arm64 0.2.0 51.00 NOTE
r-release-macos-x86_64 0.2.0 81.00 NOTE
r-release-windows-x86_64 0.2.0 70.00 150.00 220.00 NOTE
r-oldrel-macos-arm64 0.2.0 57.00 NOTE
r-oldrel-macos-x86_64 0.2.0 108.00 NOTE
r-oldrel-windows-ix86+x86_64 0.2.0 89.00 184.00 273.00 NOTE

Check Details

Version: 0.2.0
Check: LazyData
Result: NOTE
     'LazyData' is specified without a 'data' directory
Flavors: r-devel-linux-x86_64-debian-clang, r-devel-linux-x86_64-debian-gcc, r-devel-linux-x86_64-fedora-clang, r-devel-linux-x86_64-fedora-gcc, r-devel-windows-x86_64, r-patched-linux-x86_64, r-release-linux-x86_64, r-release-macos-arm64, r-release-macos-x86_64, r-release-windows-x86_64, r-oldrel-macos-arm64, r-oldrel-macos-x86_64, r-oldrel-windows-ix86+x86_64

Version: 0.2.0
Check: Rd cross-references
Result: NOTE
    Undeclared package ‘crosstalk’ in Rd xrefs
Flavor: r-devel-linux-x86_64-fedora-clang