CRAN Package Check Results for Package rasterly

Last updated on 2020-04-01 01:49:02 CEST.

Flavor Version Tinstall Tcheck Ttotal Status Flags
r-devel-linux-x86_64-debian-clang 0.1.0 35.75 79.29 115.04 OK
r-devel-linux-x86_64-debian-gcc 0.1.0 23.36 62.89 86.25 OK
r-devel-linux-x86_64-fedora-clang 0.1.0 140.14 OK
r-devel-linux-x86_64-fedora-gcc 0.1.0 132.60 OK
r-devel-windows-ix86+x86_64 0.1.0 60.00 141.00 201.00 OK
r-devel-windows-ix86+x86_64-gcc8 0.1.0 69.00 138.00 207.00 OK
r-patched-linux-x86_64 0.1.0 29.97 73.44 103.41 OK
r-patched-solaris-x86 0.1.0 177.70 WARN
r-release-linux-x86_64 0.1.0 29.46 73.66 103.12 OK
r-release-windows-ix86+x86_64 0.1.0 96.00 181.00 277.00 OK
r-release-osx-x86_64 0.1.0 WARN
r-oldrel-windows-ix86+x86_64 0.1.0 82.00 176.00 258.00 WARN
r-oldrel-osx-x86_64 0.1.0 WARN

Check Details

Version: 0.1.0
Check: re-building of vignette outputs
Result: WARN
    Error(s) in re-building vignettes:
     ...
    --- re-building ‘introduction.Rmd’ using rmarkdown
    Warning in engine$weave(file, quiet = quiet, encoding = enc) :
     Pandoc (>= 1.12.3) and/or pandoc-citeproc not available. Falling back to R Markdown v1.
    Loading required package: Rcpp
    
    Attaching package: 'lubridate'
    
    The following objects are masked from 'package:data.table':
    
     hour, isoweek, mday, minute, month, quarter, second, wday, week,
     yday, year
    
    The following object is masked from 'package:base':
    
     date
    
    Loading required package: ggplot2
    
    Attaching package: 'plotly'
    
    The following object is masked from 'package:ggplot2':
    
     last_plot
    
    The following object is masked from 'package:stats':
    
     filter
    
    The following object is masked from 'package:graphics':
    
     layout
    
    Quitting from lines 130-141 (introduction.Rmd)
    Error: processing vignette 'introduction.Rmd' failed with diagnostics:
    there is no package called 'webshot'
    --- failed re-building ‘introduction.Rmd’
    
    SUMMARY: processing the following file failed:
     ‘introduction.Rmd’
    
    Error: Vignette re-building failed.
    Execution halted
Flavor: r-patched-solaris-x86

Version: 0.1.0
Check: re-building of vignette outputs
Result: WARN
    Error(s) in re-building vignettes:
    --- re-building ‘introduction.Rmd’ using rmarkdown
    Warning in engine$weave(file, quiet = quiet, encoding = enc) :
     Pandoc (>= 1.12.3) and/or pandoc-citeproc not available. Falling back to R Markdown v1.
    Loading required package: Rcpp
    
    Attaching package: 'lubridate'
    
    The following objects are masked from 'package:data.table':
    
     hour, isoweek, mday, minute, month, quarter, second, wday,
     week, yday, year
    
    The following object is masked from 'package:base':
    
     date
    
    Loading required package: ggplot2
    
    Attaching package: 'plotly'
    
    The following object is masked from 'package:ggplot2':
    
     last_plot
    
    The following object is masked from 'package:stats':
    
     filter
    
    The following object is masked from 'package:graphics':
    
     layout
    
    Quitting from lines 130-141 (introduction.Rmd)
    Error: processing vignette 'introduction.Rmd' failed with diagnostics:
    cannot open the connection
    --- failed re-building ‘introduction.Rmd’
    
    SUMMARY: processing the following file failed:
     ‘introduction.Rmd’
    
    Error: Vignette re-building failed.
    Execution halted
Flavor: r-release-osx-x86_64

Version: 0.1.0
Check: replacement functions
Result: WARN
     '%<-%'
    The argument of a replacement function which corresponds to the right
    hand side must be named 'value'.
Flavors: r-oldrel-windows-ix86+x86_64, r-oldrel-osx-x86_64

Version: 0.1.0
Check: re-building of vignette outputs
Result: WARN
    Error in re-building vignettes:
     ...
    
    The following object is masked from 'package:base':
    
     date
    
    Loading required package: ggplot2
    
    Attaching package: 'plotly'
    
    The following object is masked from 'package:ggplot2':
    
     last_plot
    
    The following object is masked from 'package:stats':
    
     filter
    
    The following object is masked from 'package:graphics':
    
     layout
    
    Quitting from lines 130-141 (introduction.Rmd)
    Error: processing vignette 'introduction.Rmd' failed with diagnostics:
    cannot open the connection
    Execution halted
Flavor: r-oldrel-osx-x86_64