Last updated on 2021-02-26 00:48:26 CET.
Flavor | Version | Tinstall | Tcheck | Ttotal | Status | Flags |
---|---|---|---|---|---|---|
r-devel-linux-x86_64-debian-clang | 1.0.5 | 11.52 | 143.84 | 155.36 | OK | |
r-devel-linux-x86_64-debian-gcc | 1.0.5 | 10.07 | 107.40 | 117.47 | OK | |
r-devel-linux-x86_64-fedora-clang | 1.0.5 | 192.84 | NOTE | |||
r-devel-linux-x86_64-fedora-gcc | 1.0.5 | 185.54 | NOTE | |||
r-devel-windows-ix86+x86_64 | 1.0.5 | 20.00 | 139.00 | 159.00 | OK | |
r-patched-linux-x86_64 | 1.0.5 | 11.10 | 135.08 | 146.18 | OK | |
r-patched-solaris-x86 | 1.0.5 | 281.30 | NOTE | |||
r-release-linux-x86_64 | 1.0.5 | 12.32 | 138.31 | 150.63 | OK | |
r-release-macos-x86_64 | 1.0.5 | NOTE | ||||
r-release-windows-ix86+x86_64 | 1.0.5 | 30.00 | 178.00 | 208.00 | OK | |
r-oldrel-macos-x86_64 | 1.0.5 | NOTE | ||||
r-oldrel-windows-ix86+x86_64 | 1.0.5 | 18.00 | 173.00 | 191.00 | OK |
Version: 1.0.5
Check: data for non-ASCII characters
Result: NOTE
Note: found 8 marked UTF-8 strings
Flavors: r-devel-linux-x86_64-fedora-clang, r-devel-linux-x86_64-fedora-gcc, r-patched-solaris-x86, r-release-macos-x86_64, r-oldrel-macos-x86_64