Last updated on 2021-04-20 01:47:17 CEST.
Flavor | Version | Tinstall | Tcheck | Ttotal | Status | Flags |
---|---|---|---|---|---|---|
r-devel-linux-x86_64-debian-clang | 1.0.2 | 66.19 | 44.62 | 110.81 | NOTE | |
r-devel-linux-x86_64-debian-gcc | 1.0.2 | 38.36 | 34.81 | 73.17 | NOTE | |
r-devel-linux-x86_64-fedora-clang | 1.0.2 | 152.43 | NOTE | |||
r-devel-linux-x86_64-fedora-gcc | 1.0.2 | 130.23 | NOTE | |||
r-devel-windows-ix86+x86_64 | 1.0.2 | 140.00 | 268.00 | 408.00 | NOTE | |
r-devel-windows-x86_64-gcc10-UCRT | 1.0.2 | NOTE | ||||
r-patched-linux-x86_64 | 1.0.2 | 46.59 | 42.35 | 88.94 | OK | |
r-patched-solaris-x86 | 1.0.2 | 133.10 | OK | |||
r-release-linux-x86_64 | 1.0.2 | 47.16 | 42.20 | 89.36 | OK | |
r-release-macos-x86_64 | 1.0.2 | OK | ||||
r-release-windows-ix86+x86_64 | 1.0.2 | 137.00 | 296.00 | 433.00 | OK | |
r-oldrel-macos-x86_64 | 1.0.2 | OK | ||||
r-oldrel-windows-ix86+x86_64 | 1.0.2 | 90.00 | 243.00 | 333.00 | OK |
Version: 1.0.2
Check: LazyData
Result: NOTE
'LazyData' is specified without a 'data' directory
Flavors: r-devel-linux-x86_64-debian-clang, r-devel-linux-x86_64-debian-gcc, r-devel-linux-x86_64-fedora-clang, r-devel-linux-x86_64-fedora-gcc, r-devel-windows-ix86+x86_64, r-devel-windows-x86_64-gcc10-UCRT
Version: 1.0.2
Check: package dependencies
Result: NOTE
Package suggested but not available for checking: 'rhdf5'
Flavor: r-devel-windows-x86_64-gcc10-UCRT