Last updated on 2023-05-30 08:02:28 CEST.
Flavor | Version | Tinstall | Tcheck | Ttotal | Status | Flags |
---|---|---|---|---|---|---|
r-devel-linux-x86_64-debian-clang | 1.0.3 | 67.00 | 52.22 | 119.22 | OK | |
r-devel-linux-x86_64-debian-gcc | 1.0.3 | 44.48 | 40.42 | 84.90 | OK | |
r-devel-linux-x86_64-fedora-clang | 1.0.3 | 171.59 | OK | |||
r-devel-linux-x86_64-fedora-gcc | 1.0.3 | 161.02 | OK | |||
r-devel-windows-x86_64 | 1.0.3 | 50.00 | 675.00 | 725.00 | NOTE | |
r-patched-linux-x86_64 | 1.0.3 | 51.40 | 50.19 | 101.59 | OK | |
r-release-linux-x86_64 | 1.0.3 | 52.48 | 50.39 | 102.87 | OK | |
r-release-macos-arm64 | 1.0.3 | 43.00 | NOTE | |||
r-release-macos-x86_64 | 1.0.3 | 70.00 | NOTE | |||
r-release-windows-x86_64 | 1.0.3 | 62.00 | 722.00 | 784.00 | NOTE | |
r-oldrel-macos-arm64 | 1.0.3 | 40.00 | NOTE | |||
r-oldrel-macos-x86_64 | 1.0.3 | 56.00 | OK | |||
r-oldrel-windows-x86_64 | 1.0.3 | 57.00 | 1120.00 | 1177.00 | OK |
Version: 1.0.3
Check: C++ specification
Result: NOTE
Specified C++11: please drop specification unless essential
Flavors: r-devel-windows-x86_64, r-release-windows-x86_64
Version: 1.0.3
Check: package dependencies
Result: NOTE
Package suggested but not available for checking: ‘rhdf5’
Flavors: r-release-macos-arm64, r-release-macos-x86_64, r-oldrel-macos-arm64