CRAN Package Check Results for Package rcbalance

Last updated on 2024-02-20 09:00:42 CET.

Flavor Version Tinstall Tcheck Ttotal Status Flags
r-devel-linux-x86_64-debian-clang 1.8.8 NOTE
r-devel-linux-x86_64-debian-gcc 1.8.8 3.10 28.89 31.99 NOTE
r-devel-linux-x86_64-fedora-clang 1.8.8 52.95 NOTE
r-devel-linux-x86_64-fedora-gcc 1.8.8 52.86 NOTE
r-devel-windows-x86_64 1.8.8 4.00 55.00 59.00 NOTE
r-patched-linux-x86_64 1.8.8 4.55 36.86 41.41 NOTE
r-release-linux-x86_64 1.8.8 4.17 36.96 41.13 NOTE
r-release-macos-arm64 1.8.8 21.00 NOTE
r-release-macos-x86_64 1.8.8 29.00 NOTE
r-release-windows-x86_64 1.8.8 5.00 57.00 62.00 NOTE
r-oldrel-macos-arm64 1.8.8 21.00 NOTE
r-oldrel-windows-x86_64 1.8.8 5.00 63.00 68.00 NOTE

Check Details

Version: 1.8.8
Check: package dependencies
Result: NOTE Package suggested but not available for checking: ‘rrelaxiv’ Flavors: r-devel-linux-x86_64-debian-clang, r-devel-linux-x86_64-debian-gcc, r-devel-linux-x86_64-fedora-clang, r-devel-linux-x86_64-fedora-gcc, r-devel-windows-x86_64, r-patched-linux-x86_64, r-release-linux-x86_64, r-release-macos-arm64, r-release-macos-x86_64, r-release-windows-x86_64, r-oldrel-macos-arm64, r-oldrel-windows-x86_64