CRAN Package Check Results for Package rcbsubset

Last updated on 2023-12-09 08:49:53 CET.

Flavor Version Tinstall Tcheck Ttotal Status Flags
r-devel-linux-x86_64-debian-clang 1.1.7 3.73 34.65 38.38 NOTE
r-devel-linux-x86_64-debian-gcc 1.1.7 2.68 26.88 29.56 NOTE
r-devel-linux-x86_64-fedora-clang 1.1.7 49.99 NOTE
r-devel-linux-x86_64-fedora-gcc 1.1.7 46.84 NOTE
r-devel-windows-x86_64 1.1.7 4.00 46.00 50.00 NOTE
r-patched-linux-x86_64 1.1.7 4.07 34.41 38.48 NOTE
r-release-linux-x86_64 1.1.7 3.73 34.51 38.24 NOTE
r-release-macos-arm64 1.1.7 20.00 NOTE
r-release-macos-x86_64 1.1.7 28.00 NOTE
r-release-windows-x86_64 1.1.7 5.00 50.00 55.00 NOTE
r-oldrel-macos-arm64 1.1.7 21.00 NOTE
r-oldrel-macos-x86_64 1.1.7 27.00 NOTE
r-oldrel-windows-x86_64 1.1.7 5.00 54.00 59.00 NOTE

Check Details

Version: 1.1.7
Check: package dependencies
Result: NOTE Package suggested but not available for checking: ‘rrelaxiv’ Flavors: r-devel-linux-x86_64-debian-clang, r-devel-linux-x86_64-debian-gcc, r-devel-linux-x86_64-fedora-clang, r-devel-linux-x86_64-fedora-gcc, r-devel-windows-x86_64, r-patched-linux-x86_64, r-release-linux-x86_64, r-release-macos-arm64, r-release-macos-x86_64, r-release-windows-x86_64, r-oldrel-macos-arm64, r-oldrel-macos-x86_64, r-oldrel-windows-x86_64

Version: 1.1.7
Check: dependencies in R code
Result: NOTE Namespace in Imports field not imported from: ‘rlemon’ All declared Imports should be used. Flavors: r-devel-linux-x86_64-fedora-clang, r-devel-linux-x86_64-fedora-gcc, r-oldrel-macos-x86_64