CRAN Package Check Results for Package rcompendium

Last updated on 2021-08-03 01:50:44 CEST.

Flavor Version Tinstall Tcheck Ttotal Status Flags
r-devel-linux-x86_64-debian-clang 0.5.1 5.35 48.68 54.03 NOTE
r-devel-linux-x86_64-debian-gcc 0.5.1 4.22 36.95 41.17 NOTE
r-devel-linux-x86_64-fedora-clang 0.5.1 73.49 NOTE
r-devel-linux-x86_64-fedora-gcc 0.5.1 63.09 NOTE
r-devel-windows-x86_64 0.5.1 33.00 76.00 109.00 NOTE
r-devel-windows-x86_64-gcc10-UCRT 0.5.1 NOTE
r-patched-linux-x86_64 0.5.1 NOTE
r-patched-solaris-x86 0.5.1 91.90 NOTE
r-release-linux-x86_64 0.5.1 6.23 46.06 52.29 NOTE
r-release-macos-arm64 0.5.1 NOTE
r-release-macos-x86_64 0.5.1 NOTE
r-release-windows-ix86+x86_64 0.5.1 12.00 68.00 80.00 NOTE
r-oldrel-macos-x86_64 0.5.1 OK
r-oldrel-windows-ix86+x86_64 0.5.1 17.00 66.00 83.00 OK

Check Details

Version: 0.5.1
Check: LazyData
Result: NOTE
     'LazyData' is specified without a 'data' directory
Flavors: r-devel-linux-x86_64-debian-clang, r-devel-linux-x86_64-debian-gcc, r-devel-linux-x86_64-fedora-clang, r-devel-linux-x86_64-fedora-gcc, r-devel-windows-x86_64, r-devel-windows-x86_64-gcc10-UCRT, r-patched-linux-x86_64, r-patched-solaris-x86, r-release-linux-x86_64, r-release-macos-arm64, r-release-macos-x86_64, r-release-windows-ix86+x86_64