Last updated on 2021-02-27 00:52:12 CET.
Flavor | Version | Tinstall | Tcheck | Ttotal | Status | Flags |
---|---|---|---|---|---|---|
r-devel-linux-x86_64-debian-clang | 0.4.2 | 16.83 | 167.51 | 184.34 | OK | |
r-devel-linux-x86_64-debian-gcc | 0.4.2 | 13.03 | 126.81 | 139.84 | OK | |
r-devel-linux-x86_64-fedora-clang | 0.4.2 | 229.97 | NOTE | |||
r-devel-linux-x86_64-fedora-gcc | 0.4.2 | 220.99 | NOTE | |||
r-devel-windows-ix86+x86_64 | 0.4.2 | 29.00 | 156.00 | 185.00 | OK | |
r-patched-linux-x86_64 | 0.4.2 | 15.27 | 157.45 | 172.72 | OK | |
r-patched-solaris-x86 | 0.4.2 | 323.90 | NOTE | |||
r-release-linux-x86_64 | 0.4.2 | 14.00 | 159.98 | 173.98 | OK | |
r-release-macos-x86_64 | 0.4.2 | NOTE | ||||
r-release-windows-ix86+x86_64 | 0.4.2 | 43.00 | 200.00 | 243.00 | OK | |
r-oldrel-macos-x86_64 | 0.4.2 | NOTE | ||||
r-oldrel-windows-ix86+x86_64 | 0.4.2 | 29.00 | 195.00 | 224.00 | OK |
Version: 0.4.2
Check: dependencies in R code
Result: NOTE
Namespaces in Imports field not imported from:
‘Rcpp’ ‘dplyr’
All declared Imports should be used.
Flavors: r-devel-linux-x86_64-fedora-clang, r-devel-linux-x86_64-fedora-gcc, r-patched-solaris-x86, r-release-macos-x86_64, r-oldrel-macos-x86_64