Last updated on 2023-01-29 00:53:44 CET.
Flavor | Version | Tinstall | Tcheck | Ttotal | Status | Flags |
---|---|---|---|---|---|---|
r-devel-linux-x86_64-debian-clang | 0.4.2 | 37.02 | 370.93 | 407.95 | OK | |
r-devel-linux-x86_64-debian-gcc | 0.4.2 | 32.59 | 274.43 | 307.02 | OK | |
r-devel-linux-x86_64-fedora-clang | 0.4.2 | 500.01 | NOTE | |||
r-devel-linux-x86_64-fedora-gcc | 0.4.2 | 507.65 | NOTE | |||
r-patched-linux-x86_64 | 0.4.2 | 41.85 | 359.12 | 400.97 | OK | |
r-release-linux-x86_64 | 0.4.2 | 26.79 | 362.71 | 389.50 | OK | |
r-release-macos-arm64 | 0.4.2 | 102.00 | NOTE | |||
r-release-macos-x86_64 | 0.4.2 | 185.00 | NOTE | |||
r-release-windows-x86_64 | 0.4.2 | 62.00 | 361.00 | 423.00 | OK | |
r-oldrel-macos-arm64 | 0.4.2 | 74.00 | NOTE | |||
r-oldrel-macos-x86_64 | 0.4.2 | 103.00 | NOTE | |||
r-oldrel-windows-ix86+x86_64 | 0.4.2 | 85.00 | 351.00 | 436.00 | OK |
Version: 0.4.2
Check: dependencies in R code
Result: NOTE
Namespaces in Imports field not imported from:
‘Rcpp’ ‘dplyr’
All declared Imports should be used.
Flavors: r-devel-linux-x86_64-fedora-clang, r-devel-linux-x86_64-fedora-gcc, r-release-macos-arm64, r-release-macos-x86_64, r-oldrel-macos-arm64, r-oldrel-macos-x86_64