Last updated on 2021-02-26 00:48:26 CET.
Flavor | Version | Tinstall | Tcheck | Ttotal | Status | Flags |
---|---|---|---|---|---|---|
r-devel-linux-x86_64-debian-clang | 1.1.0 | 10.05 | 237.36 | 247.41 | OK | |
r-devel-linux-x86_64-debian-gcc | 1.1.0 | 7.59 | 176.45 | 184.04 | OK | |
r-devel-linux-x86_64-fedora-clang | 1.1.0 | 294.06 | NOTE | |||
r-devel-linux-x86_64-fedora-gcc | 1.1.0 | 297.40 | OK | |||
r-devel-windows-ix86+x86_64 | 1.1.0 | 14.00 | 225.00 | 239.00 | OK | |
r-patched-linux-x86_64 | 1.1.0 | 9.34 | 235.22 | 244.56 | OK | |
r-patched-solaris-x86 | 1.1.0 | 377.00 | OK | |||
r-release-linux-x86_64 | 1.1.0 | 9.92 | 242.03 | 251.95 | OK | |
r-release-macos-x86_64 | 1.1.0 | OK | ||||
r-release-windows-ix86+x86_64 | 1.1.0 | 23.00 | 197.00 | 220.00 | OK | |
r-oldrel-macos-x86_64 | 1.1.0 | OK | ||||
r-oldrel-windows-ix86+x86_64 | 1.1.0 | 15.00 | 279.00 | 294.00 | OK |
Version: 1.1.0
Check: package dependencies
Result: NOTE
Suggests orphaned package: ‘bibtex’
Flavor: r-devel-linux-x86_64-fedora-clang